{"id":9957,"date":"2023-04-01T17:18:48","date_gmt":"2023-04-01T15:18:48","guid":{"rendered":"http:\/\/lckziu.pl\/?page_id=9957"},"modified":"2023-04-01T17:29:49","modified_gmt":"2023-04-01T15:29:49","slug":"technik-ogrodnik-314205","status":"publish","type":"page","link":"https:\/\/archiwum.lckziu.pl\/?page_id=9957","title":{"rendered":"Technik Ogrodnik 314205"},"content":{"rendered":"\r\n<div id=\"wp-block-themeisle-blocks-advanced-columns-afd53382\" class=\"wp-block-themeisle-blocks-advanced-columns has-1-columns has-desktop-equal-layout has-tablet-equal-layout has-mobile-equal-layout has-default-gap has-vertical-unset\">\r\n<div class=\"wp-block-themeisle-blocks-advanced-columns-overlay\">\u00a0<\/div>\r\n<div class=\"innerblocks-wrap\">\r\n<div id=\"wp-block-themeisle-blocks-advanced-column-976b45e9\" class=\"wp-block-themeisle-blocks-advanced-column\"><style>.caly {display: flex;flex-wrap: wrap;justify-content: space-around;flex-direction: row;\/\/border-bottom:6px solid rgba(240,85,90,0.8);}.ofe {  display: block;  text-align:center;  }.omin {  color:rgba(40,85,190,0.6);}.omax {  font-size:1.5em;}.ofe ul {list-style: none outside;margin:0;padding:0;}.ofe li {  display: block;  font-size:1.2em;  padding: 0;}<\/style>\r\n<div class=\"caly\">\r\n<div class=\"ofe\"><span class=\"omax\">Opis\u00a0zawodu<\/span><\/div>\r\n<div class=\"ofe\"><span class=\"omin\">Przedmioty\u00a0rozszerzone:<br \/><\/span>\r\n<ul>\r\n<li>Informatyka<\/li>\r\n<li>Angielski<\/li>\r\n<\/ul>\r\n<\/div>\r\n<div class=\"ofe\"><span class=\"omin\">J\u0119zyki\u00a0obce:<\/span>\r\n<ul>\r\n<li>Angielski<\/li>\r\n<li>Niemiecki<\/li>\r\n<\/ul>\r\n<\/div>\r\n<div class=\"ofe\"><a href=\"http:\/\/lckziu.pl\/wp-content\/uploads\/2023\/04\/technik-ogrodnik.pdf\" target=\"_blank\" rel=\"noopener noreferrer\">Podstawa\u00a0programowa<\/a>\u00a0<\/div>\r\n<\/div>\r\n<\/div>\r\n<\/div>\r\n<\/div>\r\n<div>\u00a0<\/div>\r\n<div>\r\n<p>Technik ogrodnik jest zawodem obecnie modnym i poszukiwanym. \u0141\u0105czy w sobie zami\u0142owanie do natury z poczuciem pi\u0119kna i estetyki oraz szerok\u0105 wiedz\u0105 przyrodnicz\u0105 z zakresu zak\u0142adania i prowadzenia upraw ogrodniczych oraz planowania i organizacji prac.<\/p>\r\n<p>Technik ogrodnik zajmuje si\u0119 piel\u0119gnacj\u0105 i upraw\u0105 kwiat\u00f3w i innych ro\u015blin ozdobnych, drzew, krzew\u00f3w i ro\u015blin sadowniczych oraz produkcj\u0105 warzyw, zi\u00f3\u0142, ro\u015blin przyprawowych i grzyb\u00f3w jadalnych. Posiada wiedz\u0119, jak prowadzi\u0107 integrowan\u0105 i ekologiczn\u0105 ochron\u0119 ro\u015blin, dobiera\u0107 w\u0142a\u015bciwe narz\u0119dzia i maszyny do okre\u015blonych prac ogrodniczych zale\u017cnie od pory roku i specyfiki upraw. A tak\u017ce jak kszta\u0142towa\u0107 otoczenie wok\u00f3\u0142 aby stworzy\u0107 harmonijn\u0105 ca\u0142o\u015b\u0107 z wyhodowanych ro\u015blin w ogrodzie czy ci\u0119tych w dekoracjach sezonowych. Posiada wiedz\u0119 jak uprawia\u0107 ekologicznie u\u017cywaj\u0105c naturalnych surowc\u00f3w ro\u015blinnych i produkowa\u0107 zdrow\u0105 \u017cywno\u015b\u0107.<\/p>\r\n<p>Praca ogrodnika odbywa si\u0119 w ogrodach, sadach, szk\u00f3\u0142kach, na polach uprawnych oraz w pomieszczeniach zamkni\u0119tych \u2013 szklarniach, tunelach foliowych, w pomieszczeniach do produkcji nasion i grzyb\u00f3w jadalnych, magazynach, sklepach i centrach ogrodniczych.<\/p>\r\n<p>NAUKA W NASZEJ SZKOLE UMO\u017bLIWIA:<\/p>\r\n<ol>\r\n<li>zdobycie tytu\u0142u technika ogrodnika<\/li>\r\n<li>przyst\u0105pienie do egzaminu maturalnego i po jego zdaniu kontynuowanie nauki na studiach<\/li>\r\n<li>uzyskanie \u015bwiadectw potwierdzaj\u0105cych kwalifikacje:<\/li>\r\n<\/ol>\r\n<ul>\r\n<li><strong>OGR.02<\/strong> Zak\u0142adanie i prowadzenie upraw ogrodniczych;<\/li>\r\n<li><strong>OGR.05<\/strong> Planowanie i organizacja prac ogrodniczych;<\/li>\r\n<\/ul>\r\nAbsolwent szko\u0142y kszta\u0142c\u0105cej w zawodzie technik ogrodnik jest przygotowany do wykonywania nast\u0119puj\u0105cych zada\u0144 zawodowych:\r\n\r\n<ol>\r\n<li>Planowania i wykonywania prac zwi\u0105zanych z zak\u0142adaniem;<\/li>\r\n<li>Piel\u0119gnacji i zbioru upraw ogrodniczych;<\/li>\r\n<li>Przechowywaniem produkt\u00f3w ogrodniczych;<\/li>\r\n<li>Przygotowaniem do sprzeda\u017cy i sprzeda\u017c\u0105 produkt\u00f3w ogrodniczych;<\/li>\r\n<li>Planowania i zak\u0142adania teren\u00f3w zieleni;<\/li>\r\n<li>Projektowania i wykonywania za\u0142o\u017ce\u0144 ogrodniczych;<\/li>\r\n<li>Projektowania i wykonywania i dekoracji ro\u015blinnych;<\/li>\r\n<li>\u015awiadczenia us\u0142ug z zakresu marketingu produkt\u00f3w ogrodniczych.<\/li>\r\n<\/ol>\r\n<\/div>\r\n\r\n\r\n","protected":false},"excerpt":{"rendered":"","protected":false},"author":2,"featured_media":0,"parent":0,"menu_order":0,"comment_status":"closed","ping_status":"closed","template":"","meta":{"neve_meta_sidebar":"full-width","neve_meta_container":"","neve_meta_enable_content_width":"on","neve_meta_content_width":100,"neve_meta_title_alignment":"","neve_meta_author_avatar":"","neve_post_elements_order":"","neve_meta_disable_header":"","neve_meta_disable_footer":"","neve_meta_disable_title":"","ngg_post_thumbnail":0,"_themeisle_gutenberg_block_has_review":false,"footnotes":""},"_links":{"self":[{"href":"https:\/\/archiwum.lckziu.pl\/index.php?rest_route=\/wp\/v2\/pages\/9957"}],"collection":[{"href":"https:\/\/archiwum.lckziu.pl\/index.php?rest_route=\/wp\/v2\/pages"}],"about":[{"href":"https:\/\/archiwum.lckziu.pl\/index.php?rest_route=\/wp\/v2\/types\/page"}],"author":[{"embeddable":true,"href":"https:\/\/archiwum.lckziu.pl\/index.php?rest_route=\/wp\/v2\/users\/2"}],"replies":[{"embeddable":true,"href":"https:\/\/archiwum.lckziu.pl\/index.php?rest_route=%2Fwp%2Fv2%2Fcomments&post=9957"}],"version-history":[{"count":6,"href":"https:\/\/archiwum.lckziu.pl\/index.php?rest_route=\/wp\/v2\/pages\/9957\/revisions"}],"predecessor-version":[{"id":9964,"href":"https:\/\/archiwum.lckziu.pl\/index.php?rest_route=\/wp\/v2\/pages\/9957\/revisions\/9964"}],"wp:attachment":[{"href":"https:\/\/archiwum.lckziu.pl\/index.php?rest_route=%2Fwp%2Fv2%2Fmedia&parent=9957"}],"curies":[{"name":"wp","href":"https:\/\/api.w.org\/{rel}","templated":true}]}}