{"id":9948,"date":"2023-04-01T16:26:59","date_gmt":"2023-04-01T14:26:59","guid":{"rendered":"http:\/\/lckziu.pl\/?page_id=9948"},"modified":"2023-04-01T17:06:33","modified_gmt":"2023-04-01T15:06:33","slug":"technik-automatyk-311909","status":"publish","type":"page","link":"https:\/\/archiwum.lckziu.pl\/?page_id=9948","title":{"rendered":"Technik Automatyk 311909"},"content":{"rendered":"\r\n<div id=\"wp-block-themeisle-blocks-advanced-columns-afd53382\" class=\"wp-block-themeisle-blocks-advanced-columns has-1-columns has-desktop-equal-layout has-tablet-equal-layout has-mobile-equal-layout has-vertical-unset has-default-gap\">\r\n<div class=\"wp-block-themeisle-blocks-advanced-columns-overlay\">\u00a0<\/div>\r\n<div class=\"innerblocks-wrap\">\r\n<div id=\"wp-block-themeisle-blocks-advanced-column-976b45e9\" class=\"wp-block-themeisle-blocks-advanced-column\"> <style>.caly {display: flex;flex-wrap: wrap;justify-content: space-around;flex-direction: row;\/\/border-bottom:6px solid rgba(240,85,90,0.8);}.ofe {  display: block;  text-align:center;  }.omin {  color:rgba(40,85,190,0.6);}.omax {  font-size:1.5em;}.ofe ul {list-style: none outside;margin:0;padding:0;}.ofe li {  display: block;  font-size:1.2em;  padding: 0;}<\/style>\r\n<div class=\"caly\">\r\n<div class=\"ofe\"><span class=\"omax\">Opis\u00a0zawodu<\/span><\/div>\r\n<div class=\"ofe\"><span class=\"omin\">Przedmioty\u00a0rozszerzone:<br \/><\/span>\r\n<ul>\r\n<li>Matematyka<\/li>\r\n<li>Fizyka<\/li>\r\n<\/ul>\r\n<\/div>\r\n<div class=\"ofe\"><span class=\"omin\">J\u0119zyki\u00a0obce:<\/span>\r\n<ul>\r\n<li>Angielski<\/li>\r\n<li>Niemiecki<\/li>\r\n<\/ul>\r\n<\/div>\r\n<div class=\"ofe\"><a href=\"http:\/\/lckziu.pl\/wp-content\/uploads\/2023\/04\/technik-automatyk.pdf\" target=\"_blank\" rel=\"noopener noreferrer\">Podstawa programowa<\/a><\/div>\r\n<\/div>\r\n<div>\u00a0<\/div>\r\n<div><span class=\"fontstyle0\">Technik automatyk nale\u017cy do zawod\u00f3w stosunkowo nowych, powsta\u0142ych w II po\u0142owie XX wieku. <\/span> <span class=\"fontstyle0\">Technik automatyk \u2013 montuje, uruchamia i obs\u0142uguje zautomatyzowane urz\u0105dzenia i instalacje. Przeprowadza przegl\u0105dy techniczne, diagnozuje usterki i awarie, dba o konserwacj\u0119 maszyn, a w razie potrzeby dokonuje napraw i remont\u00f3w.Wystarczy dobrze si\u0119 rozejrze\u0107, \u017ceby dostrzec jak wiele jest wok\u00f3\u0142 urz\u0105dze\u0144 u\u0142atwiaj\u0105cych nasze codzienne \u017cycie, kt\u00f3re dzi\u0119ki automatykom sprawnie pracuj\u0105 np. myjnie samochodowe, kasy samoobs\u0142ugowe, maszyny do pakowania i sortowania produkt\u00f3w. Na poziomie in\u017cynierskim automatycy projektuj\u0105 uk\u0142ady steruj\u0105ce do maszyn przeznaczonych do konkretnych cel\u00f3w.<\/span><\/div>\r\n<div><span class=\"fontstyle0\">Automatyka wykorzystywana jest najcz\u0119\u015bciej w:<\/span><\/div>\r\n<div><span class=\"fontstyle0\">\u2022 liniach monta\u017cowych, pakuj\u0105cych, urz\u0105dzeniach do transportu bliskiego, prasach, robotach;<\/span><\/div>\r\n<div><span class=\"fontstyle0\">\u2022 urz\u0105dzeniach kontrolno-pomiarowych (czujniki, przetworniki, mierniki, wska\u017aniki, rejestratory, systemy wizyjne);<\/span><\/div>\r\n<div><span class=\"fontstyle0\">\u2022 urz\u0105dzeniach wykonawczych (nap\u0119dy, przepustnice, pompy dozuj\u0105ce i procesowe);<\/span><\/div>\r\n<div><span class=\"fontstyle0\">\u2022 urz\u0105dzeniach steruj\u0105cych ( sterowniki PLC, komputery przemys\u0142owe);<\/span><\/div>\r\n<div><span class=\"fontstyle0\">\u2022 oprogramowaniu do kontroli i wizualizacji proces\u00f3w produkcyjnych i przemys\u0142owych.<\/span><\/div>\r\n<div>\u00a0<\/div>\r\n<div><span class=\"fontstyle0\">MO\u017bLIWO\u015aCI ZATRUDNIENIA:<\/span><\/div>\r\n<div><span class=\"fontstyle2\">Obecnie niemal wszystkie ga\u0142\u0119zie przemys\u0142u s\u0105 zautomatyzowane, wi\u0119c dobry automatyk nie powinien mie\u0107 wi\u0119kszych problem\u00f3w ze znalezieniem pracy. <\/span><span class=\"fontstyle2\">Technik automatyk mo\u017ce szuka\u0107 pracy w du\u017cych zak\u0142adach wytw\u00f3rczych i mniejszych firmach wykorzystuj\u0105cych na liniach produkcyjnych i monta\u017cowych rozwi\u0105zania z zakresu automatyki i robotyki przemys\u0142owej. W zale\u017cno\u015bci od wielko\u015bci przedsi\u0119biorstwa automatyk pozostaje jedynym specjalist\u0105 w tym zakresie lub jest cz\u0119\u015bci\u0105 zespo\u0142u utrzymania ruchu. Praca w omawianym zawodzie wi\u0105\u017ce si\u0119 z przyj\u0119ciem na siebie odpowiedzialno\u015bci za bezawaryjne funkcjonowanie maszyn i szybkie usuwanie ewentualnych usterek tak, aby wyeliminowa\u0107 rodz\u0105ce koszty przerwy w produkcji.<\/span><\/div>\r\n<div>\u00a0<\/div>\r\n<div><span class=\"fontstyle2\">Kolejn\u0105 mo\u017cliwo\u015bci\u0105 jest podj\u0119cie pracy w firmach b\u0119d\u0105cych dostawcami rozwi\u0105za\u0144 z zakresu robotyki i automatyki przemys\u0142owej na potrzeby swoich klient\u00f3w, zajmuj\u0105cych si\u0119 jej kompleksowym projektowaniem, produkcj\u0105, uruchomieniem i\/lub serwisowaniem. Miejscem pracy technika automatyka mo\u017ce by\u0107 tak\u017ce: plac\u00f3wka eksploatuj\u0105ca zautomatyzowane urz\u0105dzenia np. aparatur\u0119 medyczn\u0105 i diagnostyczn\u0105 (szpital) lub budynek (najcz\u0119\u015bciej u\u017cyteczno\u015bci publicznej czy biznesowej), wyposa\u017cony w zautomatyzowane instalacje w zakresie klimatyzacji, wentylacji, ochrony przeciwpo\u017carowej i monitoringu.<\/span><\/div>\r\n<div><span class=\"fontstyle2\">Technicy automatycy cz\u0119sto podejmuj\u0105 zatrudnienie jako programi\u015bci sterownik\u00f3w PLC, czyli urz\u0105dze\u0144 mikroprocesowych przeznaczonych do sterowania prac\u0105 maszyny, a tak\u017ce jako programi\u015bci system\u00f3w informatycznych nadzoruj\u0105cych przebieg procesu technologicznego lub produkcyjnego (SCADA, z ang. <\/span><span class=\"fontstyle3\">Supervisory Control And Data Acquisition<\/span><span class=\"fontstyle2\">). <\/span><span class=\"fontstyle2\">W\u015br\u00f3d najcz\u0119\u015bciej pojawiaj\u0105cych si\u0119 ze strony pracodawc\u00f3w dodatkowych wymaga\u0144 wobec kandydat\u00f3w na stanowisko automatyka mo\u017cna wymieni\u0107 posiadanie uprawnie\u0144 SEP do 1 kW, prawa jazdy i znajomo\u015b\u0107 j\u0119zyka angielskiego.<\/span><\/div>\r\n<\/div>\r\n<\/div>\r\n<\/div>\r\n","protected":false},"excerpt":{"rendered":"","protected":false},"author":2,"featured_media":0,"parent":0,"menu_order":0,"comment_status":"closed","ping_status":"closed","template":"","meta":{"neve_meta_sidebar":"full-width","neve_meta_container":"","neve_meta_enable_content_width":"on","neve_meta_content_width":100,"neve_meta_title_alignment":"","neve_meta_author_avatar":"","neve_post_elements_order":"","neve_meta_disable_header":"","neve_meta_disable_footer":"","neve_meta_disable_title":"","ngg_post_thumbnail":0,"_themeisle_gutenberg_block_has_review":false,"footnotes":""},"_links":{"self":[{"href":"https:\/\/archiwum.lckziu.pl\/index.php?rest_route=\/wp\/v2\/pages\/9948"}],"collection":[{"href":"https:\/\/archiwum.lckziu.pl\/index.php?rest_route=\/wp\/v2\/pages"}],"about":[{"href":"https:\/\/archiwum.lckziu.pl\/index.php?rest_route=\/wp\/v2\/types\/page"}],"author":[{"embeddable":true,"href":"https:\/\/archiwum.lckziu.pl\/index.php?rest_route=\/wp\/v2\/users\/2"}],"replies":[{"embeddable":true,"href":"https:\/\/archiwum.lckziu.pl\/index.php?rest_route=%2Fwp%2Fv2%2Fcomments&post=9948"}],"version-history":[{"count":5,"href":"https:\/\/archiwum.lckziu.pl\/index.php?rest_route=\/wp\/v2\/pages\/9948\/revisions"}],"predecessor-version":[{"id":9956,"href":"https:\/\/archiwum.lckziu.pl\/index.php?rest_route=\/wp\/v2\/pages\/9948\/revisions\/9956"}],"wp:attachment":[{"href":"https:\/\/archiwum.lckziu.pl\/index.php?rest_route=%2Fwp%2Fv2%2Fmedia&parent=9948"}],"curies":[{"name":"wp","href":"https:\/\/api.w.org\/{rel}","templated":true}]}}