{"id":8482,"date":"2022-07-25T11:03:23","date_gmt":"2022-07-25T09:03:23","guid":{"rendered":"http:\/\/lckziu.pl\/?page_id=8482"},"modified":"2022-07-25T11:03:24","modified_gmt":"2022-07-25T09:03:24","slug":"podreczniki-dla-klas-pierwszych-w-roku-szkolnym-2022-23","status":"publish","type":"page","link":"https:\/\/archiwum.lckziu.pl\/?page_id=8482","title":{"rendered":"Podr\u0119czniki dla klas pierwszych w roku szkolnym 2022\/23"},"content":{"rendered":"\n<p>Zapraszamy do zapoznania si\u0119 z wykazem podr\u0119cznik\u00f3w dla klas pierwszych Technikum Mechanicznego oraz Bran\u017cowej Szko\u0142y Wielozawodowej 1 stopnia:<\/p>\n\n\n\n<p>Podr\u0119czniki dla\u00a0<a href=\"\/wp-content\/uploads\/2022\/07\/Podr\u0119czniki-TM.pdf\" target=\"_blank\" rel=\"noreferrer noopener\" aria-label=\"TM (otwiera si\u0119 w nowej zak\u0142adce)\">TM<\/a><\/p>\n\n\n\n<p>Podr\u0119czniki dla\u00a0<a href=\"\/wp-content\/uploads\/2022\/07\/Podr\u0119czniki-BSW.pdf\" target=\"_blank\" rel=\"noreferrer noopener\" aria-label=\"BSW (otwiera si\u0119 w nowej zak\u0142adce)\">BSW<\/a><\/p>\n","protected":false},"excerpt":{"rendered":"<p>Zapraszamy do zapoznania si\u0119 z wykazem podr\u0119cznik\u00f3w dla klas pierwszych Technikum Mechanicznego oraz Bran\u017cowej Szko\u0142y Wielozawodowej 1 stopnia: Podr\u0119czniki dla\u00a0TM Podr\u0119czniki dla\u00a0BSW<\/p>\n","protected":false},"author":1,"featured_media":0,"parent":0,"menu_order":0,"comment_status":"closed","ping_status":"closed","template":"","meta":{"neve_meta_sidebar":"full-width","neve_meta_container":"","neve_meta_enable_content_width":"on","neve_meta_content_width":100,"neve_meta_title_alignment":"","neve_meta_author_avatar":"","neve_post_elements_order":"","neve_meta_disable_header":"","neve_meta_disable_footer":"","neve_meta_disable_title":"","ngg_post_thumbnail":0,"_themeisle_gutenberg_block_has_review":false,"footnotes":""},"_links":{"self":[{"href":"https:\/\/archiwum.lckziu.pl\/index.php?rest_route=\/wp\/v2\/pages\/8482"}],"collection":[{"href":"https:\/\/archiwum.lckziu.pl\/index.php?rest_route=\/wp\/v2\/pages"}],"about":[{"href":"https:\/\/archiwum.lckziu.pl\/index.php?rest_route=\/wp\/v2\/types\/page"}],"author":[{"embeddable":true,"href":"https:\/\/archiwum.lckziu.pl\/index.php?rest_route=\/wp\/v2\/users\/1"}],"replies":[{"embeddable":true,"href":"https:\/\/archiwum.lckziu.pl\/index.php?rest_route=%2Fwp%2Fv2%2Fcomments&post=8482"}],"version-history":[{"count":1,"href":"https:\/\/archiwum.lckziu.pl\/index.php?rest_route=\/wp\/v2\/pages\/8482\/revisions"}],"predecessor-version":[{"id":8485,"href":"https:\/\/archiwum.lckziu.pl\/index.php?rest_route=\/wp\/v2\/pages\/8482\/revisions\/8485"}],"wp:attachment":[{"href":"https:\/\/archiwum.lckziu.pl\/index.php?rest_route=%2Fwp%2Fv2%2Fmedia&parent=8482"}],"curies":[{"name":"wp","href":"https:\/\/api.w.org\/{rel}","templated":true}]}}