{"id":78,"date":"2014-09-16T01:32:29","date_gmt":"2014-09-15T23:32:29","guid":{"rendered":"http:\/\/lckziu.pl\/?page_id=78"},"modified":"2025-10-09T21:06:49","modified_gmt":"2025-10-09T19:06:49","slug":"projekty","status":"publish","type":"page","link":"https:\/\/archiwum.lckziu.pl\/?page_id=78","title":{"rendered":"Projekty realizowane przez LCKZiU"},"content":{"rendered":"<h3>Projekty zrealizowane<\/h3>\n<ul>\n<li><a href=\"\/?p=8756\" target=\"_blank\" rel=\"noopener\">Szkolny Bud\u017cet Obywatelski<\/a><\/li>\n<li><a href=\"http:\/\/lckziu.pl\/?page_id=7158\" target=\"_blank\" rel=\"noopener noreferrer\">Lubelska Wy\u017cyna Specjalist\u00f3w<\/a><\/li>\n<li><a href=\"http:\/\/lckziu.pl\/?page_id=4582\">Lublin stawia na zawodowc\u00f3w<\/a><\/li>\n<li><a href=\"http:\/\/lckziu.pl\/?p=7943\" target=\"_blank\" rel=\"noopener noreferrer\">Projekt \u201eNowoczesny technik AGD\u201d<\/a><\/li>\n<\/ul>\n<ul>\n<li><a href=\"https:\/\/archiwum.lckziu.pl\/amor2020\/\" target=\"_blank\" rel=\"noopener noreferrer\">Erasmus+ AMOR \u2013 Aoutonomous Mobile Robot 2017 \u2013 2020 &#8211; strona projektu w LCKZiU<\/a><\/li>\n<li><a title=\"Erasmus+ TARGET 2020 strona projektu w LCKZiU\" href=\"http:\/\/se2020.pawelwl.starkom.eu\/\" target=\"_blank\" rel=\"noopener noreferrer\">Erasmus+ Spo\u0142eczna Europa 2020: Walka z wykluczeniem spo\u0142ecznym i ub\u00f3stwem w Unii Europejskiej &#8211; strona projektu w LCKZiU<\/a><\/li>\n<li><a title=\"Erasmus+ TARGET 2020 strona projektu w LCKZiU\" href=\"http:\/\/lckziu.pl\/erasmus_plus\" target=\"_blank\" rel=\"noopener noreferrer\">Erasmus+ TARGET 2020 strona projektu w LCKZiU<\/a><\/li>\n<li><a title=\"ERASMUS+ MICA\" href=\"http:\/\/www.electroaula.cat\/elec\/course\/index.php?categoryid=68\" target=\"_blank\" rel=\"noopener noreferrer\">Erasmus+ MICA<\/a><\/li>\n<li><a href=\"http:\/\/dhk.pawelwl.starkom.eu\/\" target=\"_blank\" rel=\"noopener noreferrer\">Projekt\/Konkurs Niemiecki ma klas\u0119 \/ Deutsch hat Klasse<\/a><\/li>\n<li><a href=\"http:\/\/lckziu.pl\/pr-ldv\" target=\"_blank\" rel=\"noopener noreferrer\">IVT &#8211; Bli\u017cej Europejskiego Rynku Pracy<\/a><\/li>\n<li><a href=\"http:\/\/lckziu.pl\/kompetencje-mlodziezy\/\" target=\"_blank\" rel=\"noopener noreferrer\">Transgraniczne Centrum Wsparcia Rynku Pracy: <i>Kompetencje m\u0142odzie\u017cy<\/i><\/a><\/li>\n<li><a href=\"http:\/\/lckziu.pl\/com2013_wp\/\" target=\"_blank\" rel=\"noopener noreferrer\">Comenius P.R.I.M.E.<\/a>&nbsp;\/&nbsp;<a href=\"http:\/\/lckziu.pl\/com2013_wpen\/\" target=\"_blank\" rel=\"noopener noreferrer\">Wersja w j\u0119zyku angielskim<\/a><\/li>\n<li><a href=\"http:\/\/lckziu.pl\/ldv1\/\" target=\"_blank\" rel=\"noopener noreferrer\">Leonardo da Vinci 2012-2014<\/a><\/li>\n<li><a href=\"\/uks-magnoliowa\/?page_id=6\" target=\"_blank\" rel=\"noopener noreferrer\">Projekt &#8222;Zdrowe \u017bywienie&#8221;<\/a><\/li>\n<\/ul>\n","protected":false},"excerpt":{"rendered":"<p>Projekty zrealizowane Szkolny Bud\u017cet Obywatelski Lubelska Wy\u017cyna Specjalist\u00f3w Lublin stawia na zawodowc\u00f3w Projekt \u201eNowoczesny technik AGD\u201d Erasmus+ AMOR \u2013 Aoutonomous Mobile Robot 2017 \u2013 2020 &#8211; strona projektu w LCKZiU Erasmus+ Spo\u0142eczna Europa 2020: Walka z wykluczeniem spo\u0142ecznym i ub\u00f3stwem w Unii Europejskiej &#8211; strona projektu w LCKZiU Erasmus+ TARGET 2020 strona projektu w LCKZiU&hellip;&nbsp;<a href=\"https:\/\/archiwum.lckziu.pl\/?page_id=78\" class=\"\" rel=\"bookmark\">Czytaj dalej &raquo;<span class=\"screen-reader-text\">Projekty realizowane przez LCKZiU<\/span><\/a><\/p>\n","protected":false},"author":1,"featured_media":0,"parent":0,"menu_order":0,"comment_status":"closed","ping_status":"closed","template":"","meta":{"neve_meta_sidebar":"","neve_meta_container":"","neve_meta_enable_content_width":"off","neve_meta_content_width":100,"neve_meta_title_alignment":"","neve_meta_author_avatar":"","neve_post_elements_order":"","neve_meta_disable_header":"","neve_meta_disable_footer":"","neve_meta_disable_title":"","ngg_post_thumbnail":0,"_themeisle_gutenberg_block_has_review":false,"footnotes":""},"_links":{"self":[{"href":"https:\/\/archiwum.lckziu.pl\/index.php?rest_route=\/wp\/v2\/pages\/78"}],"collection":[{"href":"https:\/\/archiwum.lckziu.pl\/index.php?rest_route=\/wp\/v2\/pages"}],"about":[{"href":"https:\/\/archiwum.lckziu.pl\/index.php?rest_route=\/wp\/v2\/types\/page"}],"author":[{"embeddable":true,"href":"https:\/\/archiwum.lckziu.pl\/index.php?rest_route=\/wp\/v2\/users\/1"}],"replies":[{"embeddable":true,"href":"https:\/\/archiwum.lckziu.pl\/index.php?rest_route=%2Fwp%2Fv2%2Fcomments&post=78"}],"version-history":[{"count":49,"href":"https:\/\/archiwum.lckziu.pl\/index.php?rest_route=\/wp\/v2\/pages\/78\/revisions"}],"predecessor-version":[{"id":11277,"href":"https:\/\/archiwum.lckziu.pl\/index.php?rest_route=\/wp\/v2\/pages\/78\/revisions\/11277"}],"wp:attachment":[{"href":"https:\/\/archiwum.lckziu.pl\/index.php?rest_route=%2Fwp%2Fv2%2Fmedia&parent=78"}],"curies":[{"name":"wp","href":"https:\/\/api.w.org\/{rel}","templated":true}]}}