{"id":6944,"date":"2021-02-24T14:19:44","date_gmt":"2021-02-24T13:19:44","guid":{"rendered":"http:\/\/lckziu.pl\/?page_id=6944"},"modified":"2021-02-24T15:15:39","modified_gmt":"2021-02-24T14:15:39","slug":"technik-spawalnictwa-311516-nowosc","status":"publish","type":"page","link":"https:\/\/archiwum.lckziu.pl\/?page_id=6944","title":{"rendered":"Technik Spawalnictwa 311516 NOWO\u015a\u0106!"},"content":{"rendered":"\n<div class=\"wp-block-themeisle-blocks-advanced-columns has-1-columns has-desktop-equal-layout has-tablet-equal-layout has-mobile-equal-layout has-default-gap has-vertical-unset\" id=\"wp-block-themeisle-blocks-advanced-columns-ab2715c3\"><div class=\"wp-block-themeisle-blocks-advanced-columns-overlay\"><\/div><div class=\"innerblocks-wrap\">\n<div class=\"wp-block-themeisle-blocks-advanced-column\" id=\"wp-block-themeisle-blocks-advanced-column-d5d592b1\">\n<style>.caly {display: flex;flex-wrap: wrap;justify-content: space-around;flex-direction: row;\/\/border-bottom:6px solid rgba(240,85,90,0.8);}.ofe {  display: block;  text-align:center;  }.omin {  color:rgba(40,85,190,0.6);}.omax {  font-size:1.5em;}.ofe ul {list-style: none outside;margin:0;padding:0;}.ofe li {  display: block;  font-size:1.2em;  padding: 0;}<\/style><div class=\"caly\"><div class=\"ofe\"><span class=\"omax\">Opis&nbsp;zawodu<\/span><\/div><div class=\"ofe\"><span class=\"omin\">Przedmioty&nbsp;rozszerzone:<br><!--(1&nbsp;do&nbsp;wyboru)--><\/span><ul><li>Matematyka<\/li><li>Fizyka<\/li><ul><\/div><div class=\"ofe\"><span class=\"omin\">J\u0119zyki&nbsp;obce:<\/span><ul><li>Angielski<\/li><li>Niemiecki<\/li><ul><\/div><div class=\"ofe\"><!--<span class=\"omin\">Podstawa&nbsp;programowa<\/span><br><a href=\"#\" target=\"_blank\" rel=\"noopener noreferrer\">MEC.03<\/a><br><a href=\"https:\/\/www.ore.edu.pl\/wp-content\/uploads\/2020\/03\/technik-mechanik-na-podbudowie-kwalifikacji-mec.05..pdf\" target=\"_blank\" rel=\"noopener noreferrer\">MEC.05<\/a><br><a href=\"https:\/\/www.ore.edu.pl\/wp-content\/uploads\/2020\/03\/technik-mechanik-na-podbudowie-kwalifikacji-mec.08..pdf\" target=\"_blank\" rel=\"noopener noreferrer\">MEC.08<\/a>--><a href=\"\/wp-content\/uploads\/2021\/02\/08.pdf\" target=\"_blank\" rel=\"noopener noreferrer\">Podstawa&nbsp;programowa<\/a><\/div><\/div>\n<\/div>\n<\/div><\/div>\n\n\n\n<div class=\"wp-block-columns is-layout-flex wp-container-core-columns-layout-1 wp-block-columns-is-layout-flex\">\n<div class=\"wp-block-column is-layout-flow wp-block-column-is-layout-flow\">\n<h4 class=\"wp-block-heading\">Technik spawalnictwa:<\/h4>\n\n\n\n<ul><li>opracowuje dokumentacje technologiczn\u0105 spajania. <\/li><li>organizuje i nadzoruje przygotowanie produkcji oraz przebieg spawania, zgrzewania i ci\u0119cia termicznego r\u00f3\u017cnych materia\u0142\u00f3w r\u00f3\u017cnymi metodami (MIG\/MAG, TIG, plazmowo, laserowo, elektrod\u0105 otulon\u0105, tarcicowo i in.) wykonywanymi r\u0119cznie a tak\u017ce za pomoc\u0105 manipulator\u00f3w, robot\u00f3w i innych.<\/li><li>uruchamia reguluje i sprawdza technologiczne urz\u0105dzenia spawalnicze<\/li><li>wykrywa, rozpoznaje zaistnia\u0142e przyczyny niesprawno\u015bci urz\u0105dze\u0144 spawalniczych<\/li><li>zapewnia  utrzymanie sprawno\u015bci maszyn i urz\u0105dze\u0144 spawalniczych<\/li><\/ul>\n\n\n\n<p><\/p>\n\n\n\n<h4 class=\"wp-block-heading\">Podstawowe zadania wykonywane w ramach zawodu:<\/h4>\n\n\n\n<ul><li>opracowanie technologicznych kart spawania WPS<\/li><li>przyjmowanie dokumentacji technicznej wykonania i naprawy oraz opracowywanie technologii regeneracji metodami spawania<\/li><li>zaopatrzenie w spawalnicze materia\u0142y podstawowe i dodatkowe, cz\u0119\u015bci zamienne urz\u0105dze\u0144 spawalniczych<\/li><li>organizowanie obs\u0142ugi technicznej urz\u0105dze\u0144 spajaj\u0105cych oraz organizowanie spawalniczych stanowisk pracy<\/li><li>organizowanie i przeprowadzenie kontroli wst\u0119pnej materia\u0142\u00f3w, przygotowania do spawania, kontroli wykonawstwa<\/li><li>wykonywanie przewidzianych pr\u00f3b materia\u0142\u00f3w i wyrob\u00f3w<\/li><li>wykonywanie rozlicze\u0144 koszt\u00f3w produkcji i naprawy<\/li><li>prowadzenie gospodarki magazynowej zak\u0142adu spawalniczego<\/li><li>organizowanie bezpiecznej pracy w spawalni<\/li><\/ul>\n<\/div>\n\n\n\n<div class=\"wp-block-column is-layout-flow wp-block-column-is-layout-flow\">\n<h4 class=\"wp-block-heading\">Zatrudnienie<\/h4>\n\n\n\n<p>W zale\u017cno\u015bci od wielko\u015bci zak\u0142adu pracy technicy spawalnictwa mog\u0105 by\u0107 zatrudnieni na stanowiskach zwi\u0105zanych bezpo\u015brednio z produkcj\u0105:<\/p>\n\n\n\n<ul><li>kierownika sekcji technologicznej lub spawalnika-technologa<\/li><li>kierownika lub technika w sekcji konstrukcji oprzyrz\u0105dowa\u0144<\/li><li>spawalnika produkcji<\/li><li>mistrza spawalniczego<\/li><\/ul>\n\n\n\n<p>Ponadto technik spawalnictwa mo\u017ce by\u0107 zatrudniony w:<\/p>\n\n\n\n<ul><li>zak\u0142adach przemys\u0142owych w dzia\u0142ach przygotowania produkcji w zakresie normowania prac spawalniczych, w dzia\u0142ach utrzymania ruchu dla przeprowadzania regeneracji i napraw cz\u0119\u015bci maszyn <\/li><li>w biurach projektowych og\u00f3lnych i zak\u0142adowych na stanowiskach konstruktor\u00f3w<\/li><li>w plac\u00f3wkach naukowo-badawczych i uczelniach na stanowiskach technika i laboranta<\/li><\/ul>\n\n\n\n<p><\/p>\n\n\n\n<h4 class=\"wp-block-heading\">Kwalifikacje wyr\u00f3\u017cnione w zawodzie:<\/h4>\n\n\n\n<p>MEC.08. Wykonywanie i naprawa element\u00f3w maszyn, urz\u0105dze\u0144 i narz\u0119dzi<br>MEC.10. Organizacja i wykonywanie prac spawalniczych  <\/p>\n<\/div>\n<\/div>\n\n\n\n<p><\/p>\n","protected":false},"excerpt":{"rendered":"<p>Technik spawalnictwa: opracowuje dokumentacje technologiczn\u0105 spajania. organizuje i nadzoruje przygotowanie produkcji oraz przebieg spawania, zgrzewania i ci\u0119cia termicznego r\u00f3\u017cnych materia\u0142\u00f3w r\u00f3\u017cnymi metodami (MIG\/MAG, TIG, plazmowo, laserowo, elektrod\u0105 otulon\u0105, tarcicowo i in.) wykonywanymi r\u0119cznie a tak\u017ce za pomoc\u0105 manipulator\u00f3w, robot\u00f3w i innych. uruchamia reguluje i sprawdza technologiczne urz\u0105dzenia spawalnicze wykrywa, rozpoznaje zaistnia\u0142e przyczyny niesprawno\u015bci urz\u0105dze\u0144 spawalniczych&hellip;&nbsp;<a href=\"https:\/\/archiwum.lckziu.pl\/?page_id=6944\" class=\"\" rel=\"bookmark\">Czytaj dalej &raquo;<span class=\"screen-reader-text\">Technik Spawalnictwa 311516 NOWO\u015a\u0106!<\/span><\/a><\/p>\n","protected":false},"author":1,"featured_media":0,"parent":0,"menu_order":0,"comment_status":"closed","ping_status":"closed","template":"","meta":{"neve_meta_sidebar":"right","neve_meta_container":"","neve_meta_enable_content_width":"off","neve_meta_content_width":100,"neve_meta_title_alignment":"","neve_meta_author_avatar":"","neve_post_elements_order":"","neve_meta_disable_header":"","neve_meta_disable_footer":"","neve_meta_disable_title":"","ngg_post_thumbnail":0,"_themeisle_gutenberg_block_has_review":false,"footnotes":""},"_links":{"self":[{"href":"https:\/\/archiwum.lckziu.pl\/index.php?rest_route=\/wp\/v2\/pages\/6944"}],"collection":[{"href":"https:\/\/archiwum.lckziu.pl\/index.php?rest_route=\/wp\/v2\/pages"}],"about":[{"href":"https:\/\/archiwum.lckziu.pl\/index.php?rest_route=\/wp\/v2\/types\/page"}],"author":[{"embeddable":true,"href":"https:\/\/archiwum.lckziu.pl\/index.php?rest_route=\/wp\/v2\/users\/1"}],"replies":[{"embeddable":true,"href":"https:\/\/archiwum.lckziu.pl\/index.php?rest_route=%2Fwp%2Fv2%2Fcomments&post=6944"}],"version-history":[{"count":6,"href":"https:\/\/archiwum.lckziu.pl\/index.php?rest_route=\/wp\/v2\/pages\/6944\/revisions"}],"predecessor-version":[{"id":6955,"href":"https:\/\/archiwum.lckziu.pl\/index.php?rest_route=\/wp\/v2\/pages\/6944\/revisions\/6955"}],"wp:attachment":[{"href":"https:\/\/archiwum.lckziu.pl\/index.php?rest_route=%2Fwp%2Fv2%2Fmedia&parent=6944"}],"curies":[{"name":"wp","href":"https:\/\/api.w.org\/{rel}","templated":true}]}}