{"id":6307,"date":"2020-04-06T13:12:46","date_gmt":"2020-04-06T11:12:46","guid":{"rendered":"http:\/\/lckziu.pl\/?page_id=6307"},"modified":"2021-01-25T13:05:47","modified_gmt":"2021-01-25T12:05:47","slug":"slusarz-722204","status":"publish","type":"page","link":"https:\/\/archiwum.lckziu.pl\/?page_id=6307","title":{"rendered":"\u015alusarz 722204"},"content":{"rendered":"\n<div class=\"wp-block-themeisle-blocks-advanced-columns has-1-columns has-desktop-equal-layout has-tablet-equal-layout has-mobile-equal-layout has-default-gap has-vertical-unset\" id=\"wp-block-themeisle-blocks-advanced-columns-696b9d78\"><div class=\"wp-block-themeisle-blocks-advanced-columns-overlay\"><\/div><div class=\"innerblocks-wrap\">\n<div class=\"wp-block-themeisle-blocks-advanced-column\" id=\"wp-block-themeisle-blocks-advanced-column-18414a96\">\n<style>\n.caly {\ndisplay: flex;\nflex-wrap: wrap;\njustify-content: space-around;\nflex-direction: row;\n\n\/\/border-bottom:6px solid rgba(240,85,90,0.8);\n}\n.ofe {\n  display: block;\n  text-align:center;\n  \n}\n.omin {\n  color:rgba(40,85,190,0.6);\n}\n.omax {\n  font-size:1.5em;\n\n}\n.ofe ul {\nlist-style: none outside;\nmargin:0;\npadding:0;\n}\n.ofe li {\n  display: block;\n  font-size:1.2em;\n  padding: 0;\n}\n<\/style>\n<div class=\"caly\">\n<div class=\"ofe\"><span class=\"omax\">Opis&nbsp;zawodu<br>kwalifikacja MEC.08<\/span><\/div>\n<div class=\"ofe\"><!--<span class=\"omin\">Przedmioty&nbsp;rozszerzone:<br>(1&nbsp;do&nbsp;wyboru)<\/span><ul><li>J\u0119zyk&nbsp;obcy<\/li><li>Geografia<\/li><ul>--><\/div>\n<div class=\"ofe\"><span class=\"omin\">J\u0119zyki&nbsp;obce:<\/span><ul><li>Angielski<\/li><ul><\/div>\n<div class=\"ofe\">\n<a href=\"https:\/\/www.ore.edu.pl\/wp-content\/uploads\/2020\/03\/slusarz.pdf\" target=\"_blank\" rel=\"noopener noreferrer\">Podstawa&nbsp;programowa<\/a>\n<\/div>\n<\/div>\n<\/div>\n<\/div><\/div>\n\n\n\n<p>\u015alusarz to zaw\u00f3d coraz cz\u0119\u015bciej poszukiwany na rynku pracy. Nowoczesny \u015blusarz bez trudu znajdzie prac\u0119 w zak\u0142adach przemys\u0142u maszynowego, lotniczego i motoryzacyjnego. W przysz\u0142ej pracy b\u0119dzie wykorzystywa\u0142 programy CAD-CAM, nowoczesne maszyny CNC. Mo\u017ce zdoby\u0107 uprawnienia spawacza oraz kontynuowa\u0107 nauk\u0119 w zawodzie technika mechanika, lub technika spawalnictwa.<\/p>\n","protected":false},"excerpt":{"rendered":"<p>\u015alusarz to zaw\u00f3d coraz cz\u0119\u015bciej poszukiwany na rynku pracy. Nowoczesny \u015blusarz bez trudu znajdzie prac\u0119 w zak\u0142adach przemys\u0142u maszynowego, lotniczego i motoryzacyjnego. W przysz\u0142ej pracy b\u0119dzie wykorzystywa\u0142 programy CAD-CAM, nowoczesne maszyny CNC. Mo\u017ce zdoby\u0107 uprawnienia spawacza oraz kontynuowa\u0107 nauk\u0119 w zawodzie technika mechanika, lub technika spawalnictwa.<\/p>\n","protected":false},"author":1,"featured_media":0,"parent":0,"menu_order":0,"comment_status":"closed","ping_status":"closed","template":"","meta":{"neve_meta_sidebar":"right","neve_meta_container":"","neve_meta_enable_content_width":"off","neve_meta_content_width":100,"neve_meta_title_alignment":"","neve_meta_author_avatar":"","neve_post_elements_order":"","neve_meta_disable_header":"","neve_meta_disable_footer":"","neve_meta_disable_title":"","ngg_post_thumbnail":0,"_themeisle_gutenberg_block_has_review":false,"footnotes":""},"_links":{"self":[{"href":"https:\/\/archiwum.lckziu.pl\/index.php?rest_route=\/wp\/v2\/pages\/6307"}],"collection":[{"href":"https:\/\/archiwum.lckziu.pl\/index.php?rest_route=\/wp\/v2\/pages"}],"about":[{"href":"https:\/\/archiwum.lckziu.pl\/index.php?rest_route=\/wp\/v2\/types\/page"}],"author":[{"embeddable":true,"href":"https:\/\/archiwum.lckziu.pl\/index.php?rest_route=\/wp\/v2\/users\/1"}],"replies":[{"embeddable":true,"href":"https:\/\/archiwum.lckziu.pl\/index.php?rest_route=%2Fwp%2Fv2%2Fcomments&post=6307"}],"version-history":[{"count":3,"href":"https:\/\/archiwum.lckziu.pl\/index.php?rest_route=\/wp\/v2\/pages\/6307\/revisions"}],"predecessor-version":[{"id":6863,"href":"https:\/\/archiwum.lckziu.pl\/index.php?rest_route=\/wp\/v2\/pages\/6307\/revisions\/6863"}],"wp:attachment":[{"href":"https:\/\/archiwum.lckziu.pl\/index.php?rest_route=%2Fwp%2Fv2%2Fmedia&parent=6307"}],"curies":[{"name":"wp","href":"https:\/\/api.w.org\/{rel}","templated":true}]}}