{"id":4514,"date":"2018-12-08T10:02:57","date_gmt":"2018-12-08T09:02:57","guid":{"rendered":"http:\/\/lckziu.pl\/?page_id=4514"},"modified":"2018-12-08T10:24:15","modified_gmt":"2018-12-08T09:24:15","slug":"kacik-maturzysty","status":"publish","type":"page","link":"https:\/\/archiwum.lckziu.pl\/?page_id=4514","title":{"rendered":"K\u0105cik MATURZYSTY"},"content":{"rendered":"<p><b>RANKING SZK\u00d3\u0141 WY\u017bSZYCH PERSPEKTYWY 2018<\/b><\/p>\n<p>zobacz link:\u00a0<a class=\"m_467434187658792773moz-txt-link-freetext\" href=\"https:\/\/www.perspektywy.pl\/RSW2018\/ranking-uczelni-akademickich\" target=\"_blank\" data-saferedirecturl=\"https:\/\/www.google.com\/url?q=https:\/\/www.perspektywy.pl\/RSW2018\/ranking-uczelni-akademickich&amp;source=gmail&amp;ust=1544345553770000&amp;usg=AFQjCNFITHGOqnPCPIAxv2yuNSMsMVLjTA\">https:\/\/www.perspektywy.pl\/<wbr \/>RSW2018\/ranking-uczelni-<wbr \/>akademickich<\/a><\/p>\n<p><b>Pliki do pobrania:<\/b><\/p>\n<ul>\n<li><a href=\"http:\/\/lckziu.pl\/wp-content\/uploads\/2018\/12\/wybierz-swoj-kierunek-na-studia.jpg\" target=\"_blank\">wybierz swoj kierunek na studia.jpg<\/a><\/li>\n<li><a href=\"http:\/\/lckziu.pl\/wp-content\/uploads\/2018\/12\/Ranking-szk\u00f3\u0142-wy\u017cszych-wed\u0142ug-poziomu-bezrobocia-absolwent\u00f3w-rok-akademicki-2016-2017.pdf\" target=\"_blank\" rel=\"\">Ranking szk\u00f3\u0142 wy\u017cszych wed\u0142ug poziomu bezrobocia absolwent\u00f3w &#8211; rok akademicki 2016-2017<\/a><\/li>\n<\/ul>\n","protected":false},"excerpt":{"rendered":"<p>RANKING SZK\u00d3\u0141 WY\u017bSZYCH PERSPEKTYWY 2018 zobacz link:\u00a0https:\/\/www.perspektywy.pl\/RSW2018\/ranking-uczelni-akademickich Pliki do pobrania: wybierz swoj kierunek na studia.jpg Ranking szk\u00f3\u0142 wy\u017cszych wed\u0142ug poziomu bezrobocia absolwent\u00f3w &#8211; rok akademicki 2016-2017<\/p>\n","protected":false},"author":1,"featured_media":0,"parent":0,"menu_order":0,"comment_status":"closed","ping_status":"closed","template":"","meta":{"neve_meta_sidebar":"","neve_meta_container":"","neve_meta_enable_content_width":"","neve_meta_content_width":0,"neve_meta_title_alignment":"","neve_meta_author_avatar":"","neve_post_elements_order":"","neve_meta_disable_header":"","neve_meta_disable_footer":"","neve_meta_disable_title":"","ngg_post_thumbnail":0,"_themeisle_gutenberg_block_has_review":false,"footnotes":""},"_links":{"self":[{"href":"https:\/\/archiwum.lckziu.pl\/index.php?rest_route=\/wp\/v2\/pages\/4514"}],"collection":[{"href":"https:\/\/archiwum.lckziu.pl\/index.php?rest_route=\/wp\/v2\/pages"}],"about":[{"href":"https:\/\/archiwum.lckziu.pl\/index.php?rest_route=\/wp\/v2\/types\/page"}],"author":[{"embeddable":true,"href":"https:\/\/archiwum.lckziu.pl\/index.php?rest_route=\/wp\/v2\/users\/1"}],"replies":[{"embeddable":true,"href":"https:\/\/archiwum.lckziu.pl\/index.php?rest_route=%2Fwp%2Fv2%2Fcomments&post=4514"}],"version-history":[{"count":4,"href":"https:\/\/archiwum.lckziu.pl\/index.php?rest_route=\/wp\/v2\/pages\/4514\/revisions"}],"predecessor-version":[{"id":4529,"href":"https:\/\/archiwum.lckziu.pl\/index.php?rest_route=\/wp\/v2\/pages\/4514\/revisions\/4529"}],"wp:attachment":[{"href":"https:\/\/archiwum.lckziu.pl\/index.php?rest_route=%2Fwp%2Fv2%2Fmedia&parent=4514"}],"curies":[{"name":"wp","href":"https:\/\/api.w.org\/{rel}","templated":true}]}}