{"id":4512,"date":"2018-12-08T10:17:49","date_gmt":"2018-12-08T09:17:49","guid":{"rendered":"http:\/\/lckziu.pl\/?page_id=4512"},"modified":"2021-09-17T14:47:04","modified_gmt":"2021-09-17T12:47:04","slug":"szok-szkolny-osrodek-kariery","status":"publish","type":"page","link":"https:\/\/archiwum.lckziu.pl\/?page_id=4512","title":{"rendered":"SZOK \u2013 Szkolny O\u015brodek Kariery"},"content":{"rendered":"<p>Szkolny O\u015brodek Kariery to miejsce, gdzie uczniowie zdobywaj\u0105 wiedz\u0119 o sobie i nabywaj\u0105 umiej\u0119tno\u015bci odnalezienia swojego miejsca w \u017cyciu zawodowym. Celem dzia\u0142alno\u015bci<br \/>\nSzok \u2013 u jest przygotowanie m\u0142odego cz\u0142owieka do wyboru dalszej drogi edukacyjnej, zgodnej z jego predyspozycjami i mo\u017cliwo\u015bciami, do poruszania si\u0119 po rynku pracy oraz<br \/>\n\u015bwiadomego planowania w\u0142asnej kariery zawodowej.<\/p>\n<p>Szkolny O\u015brodek Kariery proponuje konsultacje indywidualne i zaj\u0119cia warsztatowe dla uczni\u00f3w w zakresie:<\/p>\n<ul>\n<li>Rozwijania \u015bwiadomo\u015bci w\u0142asnych uzdolnie\u0144 i predyspozycji<\/li>\n<li>Poruszania si\u0119 po \u015bwiecie zawod\u00f3w<\/li>\n<li>Przygotowania do wyboru optymalnej drogi edukacyjnej<\/li>\n<li>Planowania w\u0142asnej \u015bcie\u017cki kariery zawodowej<\/li>\n<li>Nabywania umiej\u0119tno\u015bci aktywnego poszukiwania pracy<\/li>\n<li>Pozyskiwania informacji o lokalnym rynku pracy, krajowym i europejskim<\/li>\n<li>Szukania sposob\u00f3w radzenia sobie z trudnymi decyzjami<\/li>\n<li>Autoprezentacji, komunikacji interpersonalnej<\/li>\n<li>Radzenia sobie ze stresem, planowania czasu<\/li>\n<li>Technik efektywnego uczenia si\u0119<\/li>\n<li>Roli motywacji i afirmacji w pracy nad samym sob\u0105<\/li>\n<li>Inne\u2026<\/li>\n<\/ul>\n<p>Szkolny O\u015brodek Kariery oferuje:<\/p>\n<ul>\n<li>Porady i informacje zawodowe<\/li>\n<li>Diagnoz\u0119 zdolno\u015bci i predyspozycji zawodowych<\/li>\n<li>Spotkania informacyjno \u2013 szkoleniowe<\/li>\n<li>Pomoc w zakresie kierowania w sprawach trudnych do specjalist\u00f3w<\/li>\n<li>Wsp\u00f3\u0142prac\u0119 z instytucjami wspieraj\u0105cymi prac\u0119 doradcz\u0105 szko\u0142y.<\/li>\n<\/ul>\n<p>Szkolny O\u015brodek Kariery dysponuje:<\/p>\n<ul>\n<li>Testami badaj\u0105cymi cechy osobowo\u015bci, zainteresowania, predyspozycje zawodowe<\/li>\n<li>Informacjami o \u015bcie\u017ckach kszta\u0142cenia<\/li>\n<li>Informatorami o zawodach, opisami zawod\u00f3w<\/li>\n<li>Materia\u0142ami informacyjnymi o szkolnictwie wy\u017cszym<\/li>\n<li>Multimedialnymi programami doradczymi<\/li>\n<li>Informacjami o lokalnym rynku pracy, zawodach przysz\u0142o\u015bciowych<\/li>\n<li>Filmami zawodoznawczymi<\/li>\n<li>Publikacjami z zakresu doradztwa zawodowego<\/li>\n<\/ul>\n<p><b>BAZA US\u0141UG ROZWOJOWYCH<\/b><\/p>\n<p>Baza Us\u0142ug Rozwojowych, czyli og\u00f3lnodost\u0119pna, bezp\u0142atna baza ofert us\u0142ug rozwojowych \u015bwiadczonych w rozmaitych formach (m.in.: szkole\u0144, kurs\u00f3w zawodowych, doradztwa,<br \/>\nstudi\u00f3w podyplomowych, mentoringu czy coachingu), dzi\u0119ki kt\u00f3rym instytucje i osoby prywatne mog\u0105 rozwija\u0107 swoje kompetencje oraz realizowa\u0107 zamierzone cele edukacyjne<br \/>\ni biznesowe. Administratorem Bazy jest Polska Agencja Rozwoju Przedsi\u0119biorczo\u015bci.<\/p>\n<p>zobacz link:\u00a0<a class=\"m_467434187658792773moz-txt-link-freetext\" href=\"https:\/\/uslugirozwojowe.parp.gov.pl\/\" target=\"_blank\" rel=\"noopener noreferrer\" data-saferedirecturl=\"https:\/\/www.google.com\/url?q=https:\/\/uslugirozwojowe.parp.gov.pl\/&amp;source=gmail&amp;ust=1544345553770000&amp;usg=AFQjCNFcgAuJBgS5j6K6OFi7pXGOvH91lA\">https:\/\/uslugirozwojowe.parp.<wbr \/>gov.pl\/<\/a><\/p>\n<p><b>INFORMACJE O WYBRANYCH ZAWODACH\u00a0<\/b><\/p>\n<p>zobacz link:\u00a0<a href=\"https:\/\/psz.praca.gov.pl\/infodoradca\" target=\"_blank\" rel=\"noopener noreferrer\">https:\/\/psz.praca.gov.pl\/infodoradca<\/a><\/p>\n<p><b>BAROMETR ZAWOD\u00d3W<\/b><\/p>\n<p>Barometr zawod\u00f3w to jednoroczna prognoza sytuacji w zawodach. Barometr dzieli zawody na trzy grupy: deficytowe, zr\u00f3wnowa\u017cone i nadwy\u017ckowe.<\/p>\n<p>Zawody deficytowe to takie, w kt\u00f3rych w najbli\u017cszym roku nie powinno by\u0107 trudno\u015bci ze znalezieniem pracy, gdy\u017c zapotrzebowanie pracodawc\u00f3w b\u0119dzie w ich przypadku du\u017ce,<br \/>\na poda\u017c pracownik\u00f3w ch\u0119tnych do podj\u0119cia zatrudnienia i maj\u0105cych odpowiednie kwalifikacje \u2013 niewielka.<\/p>\n<p>Zawody zr\u00f3wnowa\u017cone to takie, w kt\u00f3rych liczba ofert pracy b\u0119dzie zbli\u017cona do liczby os\u00f3b zdolnych i ch\u0119tnych do podj\u0119cia zatrudnienia w danym zawodzie (poda\u017c i popyt<br \/>\nzr\u00f3wnowa\u017c\u0105 si\u0119).<\/p>\n<p>Zawody nadwy\u017ckowe, w kt\u00f3rych znalezienie pracy mo\u017ce by\u0107 trudniejsze ze wzgl\u0119du na ma\u0142e zapotrzebowanie oraz wielu kandydat\u00f3w ch\u0119tnych do podj\u0119cia pracy i spe\u0142niaj\u0105cych<br \/>\nwymagania pracodawc\u00f3w.<\/p>\n<p>Barometr pokazuje zapotrzebowanie na zawody w ka\u017cdym z powiat\u00f3w w Polsce. Lecz nie tylko. Barometr dost\u0119pny jest tak\u017ce na poziomie wojew\u00f3dztw.<\/p>\n<p>zobacz link:\u00a0<a class=\"m_467434187658792773moz-txt-link-freetext\" href=\"https:\/\/barometrzawodow.pl\/\" target=\"_blank\" rel=\"noopener noreferrer\" data-saferedirecturl=\"https:\/\/www.google.com\/url?q=https:\/\/barometrzawodow.pl\/&amp;source=gmail&amp;ust=1544345553770000&amp;usg=AFQjCNG5in0OzicNZwwJKujQTgEk5aTKdg\">https:\/\/barometrzawodow.pl\/<\/a><\/p>\n<p><b>BAROMETR MANPOWER PERSPEKTYWY ZATRUDNIENIA<\/b><\/p>\n<p>zobacz link:\u00a0<a class=\"m_467434187658792773moz-txt-link-freetext\" href=\"https:\/\/www.manpowergroup.pl\/\" target=\"_blank\" rel=\"noopener noreferrer\" data-saferedirecturl=\"https:\/\/www.google.com\/url?q=https:\/\/www.manpowergroup.pl\/&amp;source=gmail&amp;ust=1544345553770000&amp;usg=AFQjCNH1T8HxqcqW-NSQOJq_BjVIQV6KUw\">https:\/\/www.manpowergroup.pl\/<br \/>\n<\/a><\/p>\n<p><strong>ZASOBY INFORMACJI ZAWODOWYCH On-Line<\/strong><\/p>\n<p>Opracowane w Centrum Informacji i Planowania Kariery Zawodowej WUP w Lublinie<br \/>\nWirtualna przestrze\u0144 Zasob\u00f3w Informacji Zawodowych &#8211; to zbi\u00f3r przydatnych i ciekawych informacji, kt\u00f3re pogrupowane s\u0105 w nast\u0119puj\u0105cych obszarach tematycznych:<\/p>\n<ol>\n<li>zawody i specjalno\u015bci;<\/li>\n<li>rynek pracy, w tym pracodawcy i profile prowadzonych przez nich dzia\u0142alno\u015bci;<\/li>\n<li>zakres i formy dzia\u0142ania instytucji publicznych i niepublicznych, kt\u00f3re mog\u0105 by\u0107 przydatne w rozwi\u0105zywaniu problem\u00f3w zawodowych, poszukiwaniu pracy lub podejmowaniu dzia\u0142alno\u015bci gospodarczej;<\/li>\n<li>szko\u0142y i instytucje szkoleniowe;<\/li>\n<li>stowarzyszenia zawodowe i formy ich dzia\u0142ania;<\/li>\n<li>metody i sposoby poszukiwania pracy w kraju i za granic\u0105, w tym przez sie\u0107 EURES;<\/li>\n<li>sposoby i metody rekrutacji oraz prowadzenia rozm\u00f3w kwalifikacyjnych;<\/li>\n<li>zasady przygotowywania, rodzaje i wzory dokument\u00f3w aplikacyjnych;<\/li>\n<li>strony internetowe, na kt\u00f3rych znajduj\u0105 si\u0119 informacje przydatne w rozwi\u0105zywaniu problem\u00f3w zawodowych lub w poszukiwaniu pracy;<\/li>\n<li>warunki \u015bwiadczenia pracy;<\/li>\n<li>warunki podejmowania dzia\u0142alno\u015bci gospodarczej, w tym o przepisach prawnych, procedurach post\u0119powania i wzorach dokument\u00f3w;<\/li>\n<li>projekty, o kt\u00f3rych mowa w art. 2 ust. 1 pkt 26a ustawy, w ramach kt\u00f3rych mo\u017cna uzyska\u0107 pomoc w zakresie poradnictwa zawodowego.<\/li>\n<\/ol>\n<p>Plik do pobrania: <a href=\"\/wp-content\/uploads\/2021\/09\/Zasoby_Informacji_Zawodowej_Online_lipiec_2021.pdf\" target=\"_blank\" rel=\"noopener noreferrer\">Zasoby_Informacji_Zawodowej_On<wbr \/>line_lipiec_2021<\/a><\/p>\n","protected":false},"excerpt":{"rendered":"<p>Szkolny O\u015brodek Kariery to miejsce, gdzie uczniowie zdobywaj\u0105 wiedz\u0119 o sobie i nabywaj\u0105 umiej\u0119tno\u015bci odnalezienia swojego miejsca w \u017cyciu zawodowym. Celem dzia\u0142alno\u015bci Szok \u2013 u jest przygotowanie m\u0142odego cz\u0142owieka do wyboru dalszej drogi edukacyjnej, zgodnej z jego predyspozycjami i mo\u017cliwo\u015bciami, do poruszania si\u0119 po rynku pracy oraz \u015bwiadomego planowania w\u0142asnej kariery zawodowej. Szkolny O\u015brodek Kariery&hellip;&nbsp;<a href=\"https:\/\/archiwum.lckziu.pl\/?page_id=4512\" class=\"\" rel=\"bookmark\">Czytaj dalej &raquo;<span class=\"screen-reader-text\">SZOK \u2013 Szkolny O\u015brodek Kariery<\/span><\/a><\/p>\n","protected":false},"author":1,"featured_media":0,"parent":0,"menu_order":0,"comment_status":"closed","ping_status":"closed","template":"","meta":{"neve_meta_sidebar":"","neve_meta_container":"","neve_meta_enable_content_width":"off","neve_meta_content_width":0,"neve_meta_title_alignment":"","neve_meta_author_avatar":"","neve_post_elements_order":"","neve_meta_disable_header":"","neve_meta_disable_footer":"","neve_meta_disable_title":"","ngg_post_thumbnail":0,"_themeisle_gutenberg_block_has_review":false,"footnotes":""},"_links":{"self":[{"href":"https:\/\/archiwum.lckziu.pl\/index.php?rest_route=\/wp\/v2\/pages\/4512"}],"collection":[{"href":"https:\/\/archiwum.lckziu.pl\/index.php?rest_route=\/wp\/v2\/pages"}],"about":[{"href":"https:\/\/archiwum.lckziu.pl\/index.php?rest_route=\/wp\/v2\/types\/page"}],"author":[{"embeddable":true,"href":"https:\/\/archiwum.lckziu.pl\/index.php?rest_route=\/wp\/v2\/users\/1"}],"replies":[{"embeddable":true,"href":"https:\/\/archiwum.lckziu.pl\/index.php?rest_route=%2Fwp%2Fv2%2Fcomments&post=4512"}],"version-history":[{"count":10,"href":"https:\/\/archiwum.lckziu.pl\/index.php?rest_route=\/wp\/v2\/pages\/4512\/revisions"}],"predecessor-version":[{"id":7462,"href":"https:\/\/archiwum.lckziu.pl\/index.php?rest_route=\/wp\/v2\/pages\/4512\/revisions\/7462"}],"wp:attachment":[{"href":"https:\/\/archiwum.lckziu.pl\/index.php?rest_route=%2Fwp%2Fv2%2Fmedia&parent=4512"}],"curies":[{"name":"wp","href":"https:\/\/api.w.org\/{rel}","templated":true}]}}