{"id":3498,"date":"2018-03-13T16:04:47","date_gmt":"2018-03-13T15:04:47","guid":{"rendered":"http:\/\/lckziu.pl\/?page_id=3498"},"modified":"2021-01-25T13:01:57","modified_gmt":"2021-01-25T12:01:57","slug":"oferta-edukacyjna-2018-technik-informatyk","status":"publish","type":"page","link":"https:\/\/archiwum.lckziu.pl\/?page_id=3498","title":{"rendered":"Technik Informatyk 351203"},"content":{"rendered":"\n<div class=\"wp-block-themeisle-blocks-advanced-columns has-1-columns has-desktop-equal-layout has-tablet-equal-layout has-mobile-equal-layout has-default-gap has-vertical-unset\" id=\"wp-block-themeisle-blocks-advanced-columns-65358a56\"><div class=\"wp-block-themeisle-blocks-advanced-columns-overlay\"><\/div><div class=\"innerblocks-wrap\">\n<div class=\"wp-block-themeisle-blocks-advanced-column\" id=\"wp-block-themeisle-blocks-advanced-column-5831e3c6\">\n<style>.caly {display: flex;flex-wrap: wrap;justify-content: space-around;flex-direction: row;\/\/border-bottom:6px solid rgba(240,85,90,0.8);}.ofe {  display: block;  text-align:center;  }.omin {  color:rgba(40,85,190,0.6);}.omax {  font-size:1.5em;}.ofe ul {list-style: none outside;margin:0;padding:0;}.ofe li {  display: block;  font-size:1.2em;  padding: 0;}<\/style><div class=\"caly\"><div class=\"ofe\"><span class=\"omax\">Opis&nbsp;zawodu<\/span><\/div><div class=\"ofe\"><span class=\"omin\">Przedmioty&nbsp;rozszerzone:<br><!--(1&nbsp;do&nbsp;wyboru)--><\/span><ul><li>Matematyka<\/li><li>Informatyka<\/li><ul><\/div><div class=\"ofe\"><span class=\"omin\">J\u0119zyki&nbsp;obce:<\/span><ul><li>Angielski<\/li><li>Niemiecki<\/li><ul><\/div><div class=\"ofe\"><a href=\"https:\/\/www.ore.edu.pl\/wp-content\/uploads\/2020\/03\/technik-informatyk.pdf\" target=\"_blank\" rel=\"noopener noreferrer\">Podstawa&nbsp;programowa<\/a><\/div><\/div>\n<\/div>\n<\/div><\/div>\n\n\n\n<div class=\"wp-block-columns is-layout-flex wp-container-core-columns-layout-1 wp-block-columns-is-layout-flex\">\n<div class=\"wp-block-column is-layout-flow wp-block-column-is-layout-flow\">\n<p>\u015awiat nie mo\u017ce istnie\u0107 bez komputer\u00f3w, a komputery bez informatyk\u00f3w. Wielu z nas mo\u017ce mie\u0107 odmienne zdanie ale jedno jest pewne, \u017ce informatyka to najszybciej rozwijaj\u0105ca si\u0119 bran\u017ca gospodarki, od kt\u00f3rej zale\u017c\u0105 pozosta\u0142e.<\/p>\n\n\n\n<p>A informatycy &#8211; ich ci\u0105gle brakuje na rynku.<\/p>\n\n\n\n<p>Wybieraj\u0105c zaw\u00f3d technika informatyka masz gwarancje, \u017ce nie b\u0119dziesz si\u0119 nudzi\u0142 i stale b\u0119dziesz musia\u0142 uczy\u0107 si\u0119 czego\u015b nowego.<\/p>\n\n\n\n<p>W szkole, wybieraj\u0105c ten zaw\u00f3d, nauczysz si\u0119 podstaw programowania, eksploatacji, diagnozowania i serwisowania sprz\u0119tu komputerowego. Poznasz systemy i sieci informatyczne oraz podstawy budowania i zarz\u0105dzania bazami danych.<\/p>\n\n\n\n<center><iframe loading=\"lazy\" width=\"560\" height=\"315\" src=\"https:\/\/www.youtube-nocookie.com\/embed\/jD_XF4fWhIs\" frameborder=\"0\" allow=\"accelerometer; autoplay; encrypted-media; gyroscope; picture-in-picture\" allowfullscreen=\"\"><\/iframe><\/center>\n\n\n\n<p>W naszej szkole masz do dyspozycji specjalistyczne pracownie komputerowe do nauki system\u00f3w sieci i serwisowania.<\/p>\n\n\n\n<p>Uczniowie na zaj\u0119ciach dodatkowych zajmuj\u0105 si\u0119 programowaniem, powsta\u0142o kilka ciekawych aplikacji wykorzystywanych w szkole np.: System informacji szkolnej (SIS).<\/p>\n\n\n\n<p>Dla naszych uczni\u00f3w komputer to tak\u017ce rozrywka. Ca\u0142kiem legalnie organizuj\u0105 mi\u0119dzyklasowe turnieje gier komputerowych.<\/p>\n\n\n\n<p>Po zdaniu egzamin\u00f3w zawodowych z dw\u00f3ch kwalifikacji i uko\u0144czeniu szko\u0142y otrzymasz dyplom wraz z suplementem w j\u0119zyku angielskim \u2013 EUROPASS, uprawniaj\u0105cym do uznania Twoich kwalifikacji na obszarze ca\u0142ej Unii Europejskiej.<\/p>\n<\/div>\n\n\n\n<div class=\"wp-block-column is-layout-flow wp-block-column-is-layout-flow\">\n<center><iframe loading=\"lazy\" width=\"560\" height=\"315\" src=\"https:\/\/www.youtube-nocookie.com\/embed\/d-r6EjBRX4c\" frameborder=\"0\" allow=\"accelerometer; autoplay; encrypted-media; gyroscope; picture-in-picture\" allowfullscreen=\"\"><\/iframe><\/center>\n\n\n\n<p>Po zako\u0144czonej nauce w technikum mo\u017cesz kontynuowa\u0107 kszta\u0142cenie na wy\u017cszych uczelniach lub podj\u0105\u0107 prac\u0119. Ofert nie brakuje. Po zdaniu egzamin\u00f3w zawodowych z dw\u00f3ch kwalifikacji i uko\u0144czeniu szko\u0142y otrzymasz dyplom wraz z suplementem w j\u0119zyku angielskim \u2013 EUROPASS, uprawniaj\u0105cym do uznania Twoich kwalifikacji na obszarze ca\u0142ej Unii Europejskiej.<\/p>\n\n\n\n<p>W ka\u017cdej instytucji potrzebuj\u0105 \u201ekogo\u015b od komputera\u201d. Je\u017celi wybierzesz w\u0142asn\u0105 dzia\u0142alno\u015b\u0107 to te\u017c nie b\u0119dziesz narzeka\u0142 na brak pracy i niskie zarobki.<\/p>\n\n\n\n<center><iframe loading=\"lazy\" width=\"560\" height=\"315\" src=\"https:\/\/www.youtube-nocookie.com\/embed\/NjUQI1Ig-DA\" frameborder=\"0\" allow=\"accelerometer; autoplay; encrypted-media; gyroscope; picture-in-picture\" allowfullscreen=\"\"><\/iframe><\/center>\n<\/div>\n<\/div>\n","protected":false},"excerpt":{"rendered":"<p>\u015awiat nie mo\u017ce istnie\u0107 bez komputer\u00f3w, a komputery bez informatyk\u00f3w. Wielu z nas mo\u017ce mie\u0107 odmienne zdanie ale jedno jest pewne, \u017ce informatyka to najszybciej rozwijaj\u0105ca si\u0119 bran\u017ca gospodarki, od kt\u00f3rej zale\u017c\u0105 pozosta\u0142e. A informatycy &#8211; ich ci\u0105gle brakuje na rynku. Wybieraj\u0105c zaw\u00f3d technika informatyka masz gwarancje, \u017ce nie b\u0119dziesz si\u0119 nudzi\u0142 i stale b\u0119dziesz&hellip;&nbsp;<a href=\"https:\/\/archiwum.lckziu.pl\/?page_id=3498\" class=\"\" rel=\"bookmark\">Czytaj dalej &raquo;<span class=\"screen-reader-text\">Technik Informatyk 351203<\/span><\/a><\/p>\n","protected":false},"author":1,"featured_media":0,"parent":0,"menu_order":0,"comment_status":"closed","ping_status":"closed","template":"","meta":{"neve_meta_sidebar":"","neve_meta_container":"","neve_meta_enable_content_width":"off","neve_meta_content_width":0,"neve_meta_title_alignment":"","neve_meta_author_avatar":"","neve_post_elements_order":"","neve_meta_disable_header":"","neve_meta_disable_footer":"","neve_meta_disable_title":"","ngg_post_thumbnail":0,"_themeisle_gutenberg_block_has_review":false,"footnotes":""},"_links":{"self":[{"href":"https:\/\/archiwum.lckziu.pl\/index.php?rest_route=\/wp\/v2\/pages\/3498"}],"collection":[{"href":"https:\/\/archiwum.lckziu.pl\/index.php?rest_route=\/wp\/v2\/pages"}],"about":[{"href":"https:\/\/archiwum.lckziu.pl\/index.php?rest_route=\/wp\/v2\/types\/page"}],"author":[{"embeddable":true,"href":"https:\/\/archiwum.lckziu.pl\/index.php?rest_route=\/wp\/v2\/users\/1"}],"replies":[{"embeddable":true,"href":"https:\/\/archiwum.lckziu.pl\/index.php?rest_route=%2Fwp%2Fv2%2Fcomments&post=3498"}],"version-history":[{"count":12,"href":"https:\/\/archiwum.lckziu.pl\/index.php?rest_route=\/wp\/v2\/pages\/3498\/revisions"}],"predecessor-version":[{"id":6859,"href":"https:\/\/archiwum.lckziu.pl\/index.php?rest_route=\/wp\/v2\/pages\/3498\/revisions\/6859"}],"wp:attachment":[{"href":"https:\/\/archiwum.lckziu.pl\/index.php?rest_route=%2Fwp%2Fv2%2Fmedia&parent=3498"}],"curies":[{"name":"wp","href":"https:\/\/api.w.org\/{rel}","templated":true}]}}