{"id":3494,"date":"2018-03-13T16:04:22","date_gmt":"2018-03-13T15:04:22","guid":{"rendered":"http:\/\/lckziu.pl\/?page_id=3494"},"modified":"2021-01-25T12:59:38","modified_gmt":"2021-01-25T11:59:38","slug":"oferta-edukacyjna-2018-technik-mechanik","status":"publish","type":"page","link":"https:\/\/archiwum.lckziu.pl\/?page_id=3494","title":{"rendered":"Technik Mechanik 311504"},"content":{"rendered":"\n<div class=\"wp-block-themeisle-blocks-advanced-columns has-1-columns has-desktop-equal-layout has-tablet-equal-layout has-mobile-equal-layout has-default-gap has-vertical-unset\" id=\"wp-block-themeisle-blocks-advanced-columns-db2dedbf\"><div class=\"wp-block-themeisle-blocks-advanced-columns-overlay\"><\/div><div class=\"innerblocks-wrap\">\n<div class=\"wp-block-themeisle-blocks-advanced-column\" id=\"wp-block-themeisle-blocks-advanced-column-cd388a7c\">\n<style>.caly {display: flex;flex-wrap: wrap;justify-content: space-around;flex-direction: row;\/\/border-bottom:6px solid rgba(240,85,90,0.8);}.ofe {  display: block;  text-align:center;  }.omin {  color:rgba(40,85,190,0.6);}.omax {  font-size:1.5em;}.ofe ul {list-style: none outside;margin:0;padding:0;}.ofe li {  display: block;  font-size:1.2em;  padding: 0;}<\/style><div class=\"caly\"><div class=\"ofe\"><span class=\"omax\">Opis&nbsp;zawodu<\/span><\/div><div class=\"ofe\"><span class=\"omin\">Przedmioty&nbsp;rozszerzone:<br><!--(1&nbsp;do&nbsp;wyboru)--><\/span><ul><li>Matematyka<\/li><li>Fizyka<\/li><ul><\/div><div class=\"ofe\"><span class=\"omin\">J\u0119zyki&nbsp;obce:<\/span><ul><li>Angielski<\/li><li>Niemiecki<\/li><ul><\/div><div class=\"ofe\"><!--<span class=\"omin\">Podstawa&nbsp;programowa<\/span><br><a href=\"https:\/\/www.ore.edu.pl\/wp-content\/uploads\/2020\/03\/technik-mechanik-na-podbudowie-kwalifikacji-mec.03..pdf\" target=\"_blank\" rel=\"noopener noreferrer\">MEC.03<\/a><br><a href=\"https:\/\/www.ore.edu.pl\/wp-content\/uploads\/2020\/03\/technik-mechanik-na-podbudowie-kwalifikacji-mec.05..pdf\" target=\"_blank\" rel=\"noopener noreferrer\">MEC.05<\/a><br><a href=\"https:\/\/www.ore.edu.pl\/wp-content\/uploads\/2020\/03\/technik-mechanik-na-podbudowie-kwalifikacji-mec.08..pdf\" target=\"_blank\" rel=\"noopener noreferrer\">MEC.08<\/a>--><a href=\"https:\/\/www.ore.edu.pl\/wp-content\/uploads\/2020\/03\/technik-mechanik-na-podbudowie-kwalifikacji-mec.05..pdf\" target=\"_blank\" rel=\"noopener noreferrer\">Podstawa&nbsp;programowa<\/a><\/div><\/div>\n<\/div>\n<\/div><\/div>\n\n\n\n<div class=\"wp-block-columns is-layout-flex wp-container-core-columns-layout-1 wp-block-columns-is-layout-flex\">\n<div class=\"wp-block-column is-layout-flow wp-block-column-is-layout-flow\">\n<p>Powszechnie zaw\u00f3d ten jest b\u0142\u0119dnie kojarzony jedynie z napraw\u0105 samochod\u00f3w czyli z technikiem samochodowym. Technik mechanik zajmuje si\u0119 budow\u0105, obs\u0142ug\u0105 i napraw\u0105 wszystkich rodzaj\u00f3w maszyn i urz\u0105dze\u0144 mechanicznych. W zale\u017cno\u015bci od wyboru pierwszej kwalifikacji mo\u017cesz zosta\u0107 specjalist\u0105 od: monta\u017cu i obs\u0142ugi maszyn, u\u017cytkowania obrabiarek skrawaj\u0105cych lub naprawy maszyn i urz\u0105dze\u0144 mechanicznych.<\/p>\n\n\n\n<p>Szybki rozw\u00f3j technik wytwarzania gwarantuje \u0142atwo\u015b\u0107 zdobycia ciekawej i satysfakcjonuj\u0105cej pracy za r\u00f3wno w kraju jak i zagranic\u0105. Proponujemy nauk\u0119 w pierwszej kwalifikacji MEC.05 U\u017cytkowanie obrabiarek skrawaj\u0105cych oraz drugiej MEC.09 Organizacja i nadzorowanie proces\u00f3w produkcji maszyn i urz\u0105dze\u0144. W trakcie nauki poznasz tradycyjne i nowoczesne techniki obr\u00f3bki metalu. Nauczysz si\u0119 obs\u0142ugiwa\u0107 obrabiarki konwencjonalne i sterowane numerycznie (CNC), a tak\u017ce pos\u0142ugiwa\u0107 si\u0119 komputerowymi programami CAD\/CAM czyli projektowania cz\u0119\u015bci maszyn i programowania obrabiarek w celu ich wykonania. W trakcie zaj\u0119\u0107 pozalekcyjnych b\u0119dziesz m\u00f3g\u0142 uzyska\u0107 dodatkowe uprawnienia np.: spawacza, SEP, certyfikat AutoCAD lub Inventor 2 i 3D.<\/p>\n\n\n\n<center><iframe loading=\"lazy\" width=\"560\" height=\"315\" src=\"https:\/\/www.youtube-nocookie.com\/embed\/nNx85PiGhFQ\" frameborder=\"0\" allow=\"accelerometer; autoplay; encrypted-media; gyroscope; picture-in-picture\" allowfullscreen=\"\"><\/iframe><\/center>\n<\/div>\n\n\n\n<div class=\"wp-block-column is-layout-flow wp-block-column-is-layout-flow\">\n<center><iframe loading=\"lazy\" width=\"560\" height=\"315\" src=\"https:\/\/www.youtube-nocookie.com\/embed\/dhHneNy0Wf4\" frameborder=\"0\" allow=\"accelerometer; autoplay; encrypted-media; gyroscope; picture-in-picture\" allowfullscreen=\"\"><\/iframe><\/center>\n\n\n\n<p>Umiej\u0119tno\u015bci praktyczne nab\u0119dziesz na warsztatach szkolnych wyposa\u017conych w 38 obrabiarek konwencjonalnych i 5 CNC oraz na praktykach zawodowych w nowoczesnych zak\u0142adach produkcyjnych.<\/p>\n\n\n\n<p>Po uko\u0144czeniu szko\u0142y zdob\u0119dziesz kwalifikacje w dw\u00f3ch zawodach Operator obrabiarek skrawaj\u0105cych i Technik mechanik. Wraz z dyplomem technika otrzymasz suplement \u2013 EUROPASS w j\u0119zyku angielskim uprawniaj\u0105cy do uznania kwalifikacji zawodowych na terenie ca\u0142ej Unii Europejskiej.<\/p>\n\n\n\n<p>B\u0119dziesz m\u00f3g\u0142 podj\u0105\u0107 prac\u0119 w nowoczesnych zak\u0142adach obr\u00f3bki metalu, warsztatach naprawczych jako operator obrabiarek z umiej\u0119tno\u015bci\u0105 podstaw programowania CNC lub rozpocz\u0105\u0107 w\u0142asn\u0105 dzia\u0142alno\u015b\u0107 gospodarcz\u0105. Dalsz\u0105 nauk\u0119 mo\u017cesz kontynuowa\u0107 na wy\u017cszych studiach politechnicznych w zakresie budowy maszyn, mechatroniki lub innych. B\u0119dziesz m\u00f3g\u0142 stale podnosi\u0107 i uzupe\u0142nia\u0107 kwalifikacje na bezp\u0142atnych Kwalifikacyjnych Kursach Zawodowych odbywaj\u0105cych si\u0119 w naszej szkole.<\/p>\n\n\n\n<p>Ze wzgl\u0119du na bardzo dobre przygotowanie do zawodu i wysokie wyniki z egzamin\u00f3w zawodowych nasi absolwenci s\u0105 poszukiwani przez lubelskich pracodawc\u00f3w.<\/p>\n<\/div>\n<\/div>\n","protected":false},"excerpt":{"rendered":"<p>Powszechnie zaw\u00f3d ten jest b\u0142\u0119dnie kojarzony jedynie z napraw\u0105 samochod\u00f3w czyli z technikiem samochodowym. Technik mechanik zajmuje si\u0119 budow\u0105, obs\u0142ug\u0105 i napraw\u0105 wszystkich rodzaj\u00f3w maszyn i urz\u0105dze\u0144 mechanicznych. W zale\u017cno\u015bci od wyboru pierwszej kwalifikacji mo\u017cesz zosta\u0107 specjalist\u0105 od: monta\u017cu i obs\u0142ugi maszyn, u\u017cytkowania obrabiarek skrawaj\u0105cych lub naprawy maszyn i urz\u0105dze\u0144 mechanicznych. Szybki rozw\u00f3j technik wytwarzania&hellip;&nbsp;<a href=\"https:\/\/archiwum.lckziu.pl\/?page_id=3494\" class=\"\" rel=\"bookmark\">Czytaj dalej &raquo;<span class=\"screen-reader-text\">Technik Mechanik 311504<\/span><\/a><\/p>\n","protected":false},"author":1,"featured_media":0,"parent":0,"menu_order":0,"comment_status":"closed","ping_status":"closed","template":"","meta":{"neve_meta_sidebar":"","neve_meta_container":"","neve_meta_enable_content_width":"off","neve_meta_content_width":0,"neve_meta_title_alignment":"","neve_meta_author_avatar":"","neve_post_elements_order":"","neve_meta_disable_header":"","neve_meta_disable_footer":"","neve_meta_disable_title":"","ngg_post_thumbnail":0,"_themeisle_gutenberg_block_has_review":false,"footnotes":""},"_links":{"self":[{"href":"https:\/\/archiwum.lckziu.pl\/index.php?rest_route=\/wp\/v2\/pages\/3494"}],"collection":[{"href":"https:\/\/archiwum.lckziu.pl\/index.php?rest_route=\/wp\/v2\/pages"}],"about":[{"href":"https:\/\/archiwum.lckziu.pl\/index.php?rest_route=\/wp\/v2\/types\/page"}],"author":[{"embeddable":true,"href":"https:\/\/archiwum.lckziu.pl\/index.php?rest_route=\/wp\/v2\/users\/1"}],"replies":[{"embeddable":true,"href":"https:\/\/archiwum.lckziu.pl\/index.php?rest_route=%2Fwp%2Fv2%2Fcomments&post=3494"}],"version-history":[{"count":16,"href":"https:\/\/archiwum.lckziu.pl\/index.php?rest_route=\/wp\/v2\/pages\/3494\/revisions"}],"predecessor-version":[{"id":6945,"href":"https:\/\/archiwum.lckziu.pl\/index.php?rest_route=\/wp\/v2\/pages\/3494\/revisions\/6945"}],"wp:attachment":[{"href":"https:\/\/archiwum.lckziu.pl\/index.php?rest_route=%2Fwp%2Fv2%2Fmedia&parent=3494"}],"curies":[{"name":"wp","href":"https:\/\/api.w.org\/{rel}","templated":true}]}}