{"id":3492,"date":"2018-03-13T16:03:49","date_gmt":"2018-03-13T15:03:49","guid":{"rendered":"http:\/\/lckziu.pl\/?page_id=3492"},"modified":"2023-05-09T14:59:12","modified_gmt":"2023-05-09T12:59:12","slug":"oferta-edukacyjna-2018","status":"publish","type":"page","link":"https:\/\/archiwum.lckziu.pl\/?page_id=3492","title":{"rendered":"Oferta edukacyjna LCKZiU dla absolwent\u00f3w szk\u00f3\u0142 podstawowych"},"content":{"rendered":"<section class=\"fw-main-row \">\n<div class=\"fw-container\">\n<div class=\"fw-row\">\n<div class=\"fw-col-xs-12\">\n<h3><strong><span style=\"color: #d60000;\">LCKZiU na platformie <a style=\"color: #d60000;\" href=\"https:\/\/zawodowcy.lublin.eu\/facility\/lubelskie-centrum-ksztalcenia-za#info-pl\" target=\"_blank\" rel=\"noopener noreferrer\">zawodowcy.lublin.eu<\/a><\/span><\/strong><\/h3>\n<p><!--<a href=\"https:\/\/lublin.eu\/mieszkancy\/edukacja\/aktualnosci\/rekrutacja-do-szkol-ponadpodstawowych-na-rok-szkolny-20222023,612,1082,1.html\" target=\"_blank\" rel=\"noopener noreferrer\">Oferta edukacyjna szk\u00f3\u0142 zawodowych prowadzonych przez miasto Lublin na rok szkolny 2022\/2023<\/a>--><\/p>\n<p><a href=\"https:\/\/lublin.eu\/mieszkancy\/edukacja\/szkoly-i-placowki\/rekrutacja-do-szkol-i-placowek\/rekrutacja-do-szkol-ponadgimnazjalnych\/\" target=\"_blank\" rel=\"noopener noreferrer\">Informacje o naborze dla uczni\u00f3w do szk\u00f3\u0142 ponadpodstawowych na rok szkolny 2023\/24 &#8211; strona Miasta Lublin<\/a><\/p>\n<p><a href=\"https:\/\/lubelszczyzna.edu.com.pl\/kandydat\/app\/\" target=\"_blank\" rel=\"noopener noreferrer\">Informacje o naborze dla uczni\u00f3w do szk\u00f3\u0142 ponadpodstawowych z Lubelszczyzny &#8211; platforma Vulcan<\/a><\/p>\n<div class=\"fw-divider-line\">\n<hr \/>\n<\/div>\n<\/div>\n<\/div>\n<div class=\"fw-row\">\n<div class=\"fw-col-xs-12 fw-col-sm-6\">\n<h2>Technikum Mechaniczne<\/h2>\n<p><a href=\"?page_id=3494\">Technik Mechanik<\/a><\/p>\n<p><a href=\"?page_id=3496\">Technik Mechatronik<\/a><\/p>\n<p><a href=\"?page_id=3498\">Technik Informatyk<\/a><\/p>\n<p><a href=\"?page_id=3500\">Technik Grafiki i Poligrafii Cyfrowej<\/a><\/p>\n<p><a href=\"?page_id=6944\">Technik Spawalnictwa<\/a><\/p>\n<p><a href=\"?page_id=9948\">Technik Automatyk<\/a><\/p>\n<p><a href=\"?page_id=9957\">Technik Ogrodnik<\/a><\/p>\n<hr \/>\n<h4><a href=\"http:\/\/lckziu.pl\/wp-content\/uploads\/2023\/04\/regulamin_TM_23-24.pdf\" target=\"_blank\" rel=\"noopener noreferrer\">Regulamin rekrutacji do TM na rok szkolny 2023\/2024<\/a><\/h4>\n<hr \/>\n<div class=\"fw-col-xs-12 fw-col-sm-6\">\n<h2>Bran\u017cowa Szko\u0142a Wielozawodowa I stopnia<\/h2>\n<p><a href=\"?page_id=6304\">Mechanik Pojazd\u00f3w Samochodowych<\/a><\/p>\n<p><a href=\"?page_id=9979\">Mechatronik<\/a><\/p>\n<p><a href=\"?page_id=9965\">Operator obrabiarek skrawaj\u0105cych<\/a><\/p>\n<p><a href=\"?page_id=6300\">Ogrodnik<\/a><\/p>\n<p><a href=\"?page_id=6307\">\u015alusarz<\/a><\/p>\n<hr \/>\n<h4><a href=\"http:\/\/lckziu.pl\/wp-content\/uploads\/2023\/04\/regulamin_BSW_23-24.pdf\" target=\"_blank\" rel=\"noopener noreferrer\">Regulamin rekrutacji do BSW na rok szkolny 2023\/2024<\/a><\/h4>\n<hr \/>\n<p><!--\n\n\n<h4><\/h4>\n\n\n\n\n\n<hr \/>\n\n\n\n\n\n<h4><a href=\"wp-content\/uploads\/2020\/04\/regulamin_BSW_20-21.pdf\" target=\"_blank\" rel=\"noopener noreferrer\">Regulamin rekrutacji na rok szkolny 2020\/2021<\/a><\/h4>\n\n\n\n\n<h4><a style=\"color: red;\" href=\"\/wp-content\/uploads\/2020\/05\/harmonogram_BSW_20_21.pdf\" target=\"_blank\" rel=\"noopener noreferrer\">Harmonogram rekrutacji do BSW na rok szkolny 2020\/21<\/a><\/h4>\n\n\n<\/div>\n\n\n<\/div>\n\n\n\n\n<div class=\"fw-row\">\n\n\n<div class=\"fw-col-xs-12\">\n\n\n<h2>Jak dosta\u0107 si\u0119 do szko\u0142y ponadpodstawowej?<\/h2>\n\n\n\n\n\n<hr \/>\n\n\n\n<a href=\"\/wp-content\/uploads\/2021\/04\/kt\u00f3re-przekazuj\u0105-dane-do-systemu-rekrutacji-elektronicznej.pdf\" target=\"_blank\" rel=\"noopener noreferrer\">Instrukcja dla uczni\u00f3w, kt\u00f3rzy ucz\u0105 si\u0119 w szko\u0142ach podstawowych kt\u00f3re <strong>przekazuj\u0105<\/strong> dane do systemu rekrutacji elektronicznej<\/a>\n\n<a href=\"\/wp-content\/uploads\/2021\/04\/kt\u00f3re-nie-przekazuj\u0105-danych-do-systemu-rekrutacji-elektronicznej.pdf\" target=\"_blank\" rel=\"noopener noreferrer\">Instrukcja dla uczni\u00f3w, kt\u00f3rzy ucz\u0105 si\u0119 w szko\u0142ach podstawowych kt\u00f3re <strong>nie przekazuj\u0105<\/strong> danych do systemu rekrutacji elektronicznej<\/a>\n\n\n\n<hr \/>\n\n\n\n\n\n<h2>Jak dosta\u0107 si\u0119 do szko\u0142y ponadpodstawowej?<\/h2>\n\n\n<span style=\"text-decoration: underline;\"><a href=\"https:\/\/lubelszczyzna.edu.com.pl\/\" target=\"_blank\" rel=\"noopener noreferrer\">Portal do rejestracji elektronicznej dla uczni\u00f3w szk\u00f3\u0142 podstawowych wyboru\u00a0szko\u0142y ponadpodstawowej<\/a>.<\/span>\n\n<a href=\"wp-content\/uploads\/2020\/04\/Podrecznik_dla_Kandydata_2020.pdf\" target=\"_blank\" rel=\"noopener noreferrer\">Nab\u00f3r do szko\u0142y ponadpodstawowej - Podr\u0119cznik dla kandydata samodzielnie zak\u0142adaj\u0105cego konto w systemie<\/a><\/div>\n\n\n<\/div>\n\n\n\n\n<div class=\"fw-row\">\n\n\n<div class=\"fw-col-xs-12 fw-col-sm-6\">\n\n\n<h2>Kwalifikacyjne Kursy Zawodowe\n(dla doros\u0142ych)<\/h2>\n\n\n<a href=\"kursy\/?page_id=2260\" target=\"_blank\" rel=\"noopener noreferrer\"><img decoding=\"async\" src=\"\/\/lckziu.pl\/wp-content\/uploads\/2014\/12\/DSC_5613.jpg\" alt=\"DSC 5613\" width=\"400\" \/><\/a>\n\n<strong><a href=\"kursy\/?page_id=2260\">NOWO\u015a\u0106! Organizacja i wykonywanie prac spawalniczych (MEC.10)<\/a><\/strong>\n\n<a href=\"http:\/\/lckziu.pl\/kursy\/?page_id=6\" target=\"_blank\" rel=\"noopener noreferrer\">Mechanik Monter Maszyn i Urz\u0105dze\u0144 (MEC.03)<\/a>\n<a href=\"http:\/\/www.koweziu.edu.pl\/pp_zawod.php?nr_zawodu=723310\" target=\"_blank\" rel=\"noopener noreferrer\">Mechanik Monter Maszyn i Urz\u0105dze\u0144 (M.17)<\/a>\n\n<a href=\"http:\/\/lckziu.pl\/kursy\/?page_id=6\" target=\"_blank\" rel=\"noopener noreferrer\">\u015alusarz\u00a0(MEC.08)<\/a>\n<a href=\"http:\/\/www.koweziu.edu.pl\/pp_zawod.php?nr_zawodu=722204\" target=\"_blank\" rel=\"noopener noreferrer\">\u015alusarz\u00a0(M.20)<\/a>\n\n<a href=\"http:\/\/lckziu.pl\/kursy\/?page_id=6\" target=\"_blank\" rel=\"noopener noreferrer\">Operator Obrabiarek Skrawaj\u0105cych (MEC.05)<\/a>\n<a href=\"http:\/\/www.koweziu.edu.pl\/pp_zawod.php?nr_zawodu=722307\" target=\"_blank\" rel=\"noopener noreferrer\">Operator Obrabiarek Skrawaj\u0105cych (M.19)<\/a>\n\n<a href=\"https:\/\/www.ore.edu.pl\/wp-content\/uploads\/2020\/03\/monter-systemow-rurociagowych.pdf\" target=\"_blank\" rel=\"noopener noreferrer\">Monter System\u00f3w Ruroci\u0105gowych (MEC.04)<\/a>\n<a href=\"http:\/\/www.koweziu.edu.pl\/pp_zawod.php?nr_zawodu=712613\" target=\"_blank\" rel=\"noopener noreferrer\">Monter System\u00f3w Ruroci\u0105gowych (M.29)<\/a>\n\n<a href=\"https:\/\/www.ore.edu.pl\/wp-content\/uploads\/2020\/03\/elektromechanik.pdf\" target=\"_blank\" rel=\"noopener noreferrer\">Elektromechanik (ELE.01)<\/a><\/div>\n\n\n\n\n<div class=\"fw-col-xs-12 fw-col-sm-6\">\n\n\n<h2>Policealna Szko\u0142a Dla Doros\u0142ych Nr 8<\/h2>\n\n\n<a href=\"https:\/\/www.ore.edu.pl\/wp-content\/uploads\/2020\/03\/technik-informatyk.pdf\" target=\"_blank\" rel=\"noopener noreferrer\">Technik Informatyk<\/a>\n\n\n<h3>WA\u017bNA WIADOMO\u015a\u0106 !!!<\/h3>\n\n\nWszystkich zainteresowanych podj\u0119ciem nauki w LCKZiU absolwent\u00f3w Szk\u00f3\u0142 Podstawowych (ich rodzic\u00f3w i opiekun\u00f3w) zach\u0119camy do kontaktu z doradc\u0105 zawodowym zatrudnionym w szkole \u2013 Panem Miros\u0142awem G\u00f3rczy\u0144skim.\nMo\u017cna z nim porozmawia\u0107 online na platformie <strong>Microsoft Teams codziennie, po wcze\u015bniejszym zg\u0142oszeniu e-mail:\u00a0<a href=\"mailto:mgorczynski@wp.pl\" target=\"_blank\" rel=\"noopener noreferrer\">mgorczynski@wp.pl<\/a> lub telefonicznym: 502 661 <\/strong><strong>342<\/strong>\u00a0(celem uzyskania kodu dost\u0119pu do zespo\u0142u \u201ezaj\u0119cia online\u201d na Microsoft Teams).\n\nKontakt jest mo\u017cliwy w nast\u0119puj\u0105cych godzinach:\nPoniedzia\u0142ek \u2013 8:00 \u2013 11:30\nWtorek 9:30 \u2013 14:30\n\u015aroda 8:00 \u2013 12:30\nCzwartek\u00a0 12:30 \u2013 15:30\nPi\u0105tek\u00a0 8:00 \u2013 12:00<\/div>\n\n\n<\/div>\n\n\n\n\n<div class=\"fw-row\">\n\n\n<div class=\"fw-col-xs-12 fw-col-sm-6\">\n\n\n\n<hr \/>\n\n\n\n\n\n<h3>Moja szko\u0142a moja przysz\u0142o\u015b\u0107<\/h3>\n\n\n<\/div>\n\n\n\n\n<div class=\"fw-col-xs-12 fw-col-sm-6\">\n\n\n\n<hr \/>\n\n\n\n\n\n<h3>Frezarka CNC zaprojektowana przez ucznia LCKZiU<\/h3>\n\n\n<\/div>\n\n\n<\/div>\n\n\n\n\n<div class=\"fw-row\">\n\n\n<div class=\"fw-col-xs-12\">\n\n\n\n<hr \/>\n\n\n\n\n\n<h3>Emil - Absolwent LCKZiU o nas<\/h3>\n\n\n<\/div>\n\n\n<\/div>\n\n\n<\/div>\n\n\n<\/div>\n\n\n<\/section>\n\n\n\n 0d1e7b78713f65004d7cfd53d6153dea --><\/p>\n<\/div>\n<\/div>\n<\/div>\n<\/div>\n<\/section>\n","protected":false},"excerpt":{"rendered":"<p>LCKZiU na platformie zawodowcy.lublin.eu Informacje o naborze dla uczni\u00f3w do szk\u00f3\u0142 ponadpodstawowych na rok szkolny 2023\/24 &#8211; strona Miasta Lublin Informacje o naborze dla uczni\u00f3w do szk\u00f3\u0142 ponadpodstawowych z Lubelszczyzny &#8211; platforma Vulcan Technikum Mechaniczne Technik Mechanik Technik Mechatronik Technik Informatyk Technik Grafiki i Poligrafii Cyfrowej Technik Spawalnictwa Technik Automatyk Technik Ogrodnik Regulamin rekrutacji do&hellip;&nbsp;<a href=\"https:\/\/archiwum.lckziu.pl\/?page_id=3492\" class=\"\" rel=\"bookmark\">Czytaj dalej &raquo;<span class=\"screen-reader-text\">Oferta edukacyjna LCKZiU dla absolwent\u00f3w szk\u00f3\u0142 podstawowych<\/span><\/a><\/p>\n","protected":false},"author":1,"featured_media":0,"parent":0,"menu_order":0,"comment_status":"closed","ping_status":"closed","template":"","meta":{"neve_meta_sidebar":"","neve_meta_container":"","neve_meta_enable_content_width":"off","neve_meta_content_width":0,"neve_meta_title_alignment":"","neve_meta_author_avatar":"","neve_post_elements_order":"","neve_meta_disable_header":"","neve_meta_disable_footer":"","neve_meta_disable_title":"","ngg_post_thumbnail":0,"_themeisle_gutenberg_block_has_review":false,"footnotes":""},"_links":{"self":[{"href":"https:\/\/archiwum.lckziu.pl\/index.php?rest_route=\/wp\/v2\/pages\/3492"}],"collection":[{"href":"https:\/\/archiwum.lckziu.pl\/index.php?rest_route=\/wp\/v2\/pages"}],"about":[{"href":"https:\/\/archiwum.lckziu.pl\/index.php?rest_route=\/wp\/v2\/types\/page"}],"author":[{"embeddable":true,"href":"https:\/\/archiwum.lckziu.pl\/index.php?rest_route=\/wp\/v2\/users\/1"}],"replies":[{"embeddable":true,"href":"https:\/\/archiwum.lckziu.pl\/index.php?rest_route=%2Fwp%2Fv2%2Fcomments&post=3492"}],"version-history":[{"count":143,"href":"https:\/\/archiwum.lckziu.pl\/index.php?rest_route=\/wp\/v2\/pages\/3492\/revisions"}],"predecessor-version":[{"id":10268,"href":"https:\/\/archiwum.lckziu.pl\/index.php?rest_route=\/wp\/v2\/pages\/3492\/revisions\/10268"}],"wp:attachment":[{"href":"https:\/\/archiwum.lckziu.pl\/index.php?rest_route=%2Fwp%2Fv2%2Fmedia&parent=3492"}],"curies":[{"name":"wp","href":"https:\/\/api.w.org\/{rel}","templated":true}]}}