{"id":124,"date":"2014-09-16T02:58:15","date_gmt":"2014-09-16T00:58:15","guid":{"rendered":"http:\/\/lckziu.pl\/?page_id=124"},"modified":"2018-11-15T21:44:08","modified_gmt":"2018-11-15T20:44:08","slug":"cookie","status":"publish","type":"page","link":"https:\/\/archiwum.lckziu.pl\/?page_id=124","title":{"rendered":"Prywatno\u015b\u0107 i zarz\u0105dzanie danymi osobowymi (RODO) oraz polityka plik\u00f3w cookie"},"content":{"rendered":"<p><strong>Prywatno\u015b\u0107 i zarz\u0105dzanie danymi osobowymi na witrynach LCKZiU<\/strong><\/p>\n<ol>\n<li style=\"font-weight: 400;\"><span style=\"font-weight: 400;\">Lubelskie Centrum Kszta\u0142cenia Zawodowego i Ustawicznego im. K. K. Baczy\u0144skiego w Lublinie w celach informacyjnych, mo\u017ce publikowa\u0107 dane osobowe takie jak: imiona, nazwiska, klasa, osi\u0105gni\u0119cia, fotografie \u2013 uczni\u00f3w, nauczycieli, pracownik\u00f3w, go\u015bci szko\u0142y (tzw. \u201edane zwyk\u0142e\u201d) zgodnie z art. 6, ust. 1, lit. a Rozporz\u0105dzenia Parlamentu Europejskiego i Rady (UE) 2016\/<\/span><span style=\"font-weight: 400;\">\u2060<\/span><span style=\"font-weight: 400;\">679 z dnia 27 kwietnia 2016 r. w sprawie ochrony os\u00f3b fizycznych w zwi\u0105zku z przetwarzaniem danych osobowych i w sprawie swobodnego przep\u0142ywu takich danych oraz uchylenia dyrektywy 95\/<\/span><span style=\"font-weight: 400;\">\u2060<\/span><span style=\"font-weight: 400;\">46\/<\/span><span style=\"font-weight: 400;\">\u2060<\/span><span style=\"font-weight: 400;\">WE (og\u00f3lne rozporz\u0105dzenie o ochronie danych) tzw. \u201eRODO\u201d.<\/span><\/li>\n<li style=\"font-weight: 400;\"><span style=\"font-weight: 400;\">Administratorem danych osobowych zamieszczanych w witrynie internetowej (kategoria danych osobowych: dane zwyk\u0142e) \u00a0jest Lubelskie Centrum Kszta\u0142cenia Zawodowego i Ustawicznego im. K.K. Baczy\u0144skiego w Lublinie.<\/span><\/li>\n<li style=\"font-weight: 400;\"><span style=\"font-weight: 400;\">Inspektorem Ochrony Danych Osobowych jest Witold Przeszlakowski, tel: (81) 466-17-78, e-mail: <\/span><a href=\"mailto:lckziu@iod.lublin.eu\"><span style=\"font-weight: 400;\">lckziu@iod.lublin.eu<\/span><\/a><span style=\"font-weight: 400;\">.<\/span><\/li>\n<li style=\"font-weight: 400;\"><span style=\"font-weight: 400;\">Dane osobowe przetwarzane b\u0119d\u0105 na podstawie przepis\u00f3w prawa, zawartych um\u00f3w lub na podstawie udzielonej zgody przez osob\u0119 kt\u00f3rej dane osobowe dotycz\u0105.<\/span><\/li>\n<li style=\"font-weight: 400;\"><span style=\"font-weight: 400;\">Osoba kt\u00f3rej dane dotycz\u0105, ma prawo w dowolnym momencie wycofa\u0107 zgod\u0119. Wycofanie zgody nie wp\u0142ywa na zgodno\u015b\u0107 z prawem przetwarzania, kt\u00f3rego dokonano na podstawie zgody przed jej wycofaniem. Osoba, kt\u00f3rej dane dotycz\u0105, jest o tym informowana, zanim wyrazi zgod\u0119. (art. 7, ust 3 Rozporz\u0105dzenia Parlamentu Europejskiego i Rady (UE) 2016\/<\/span><span style=\"font-weight: 400;\">\u2060<\/span><span style=\"font-weight: 400;\">679 z dnia 27 kwietnia 2016 r. w sprawie ochrony os\u00f3b fizycznych w zwi\u0105zku z przetwarzaniem danych osobowych i w sprawie swobodnego przep\u0142ywu takich danych oraz uchylenia dyrektywy 95\/<\/span><span style=\"font-weight: 400;\">\u2060<\/span><span style=\"font-weight: 400;\">46\/<\/span><span style=\"font-weight: 400;\">\u2060<\/span><span style=\"font-weight: 400;\">WE (og\u00f3lne rozporz\u0105dzenie o ochronie danych) tzw. \u201eRODO\u201d).<\/span><\/li>\n<li style=\"font-weight: 400;\"><span style=\"font-weight: 400;\">Odbiorcami Pani\/Pana danych osobowych mog\u0105 by\u0107 wy\u0142\u0105cznie podmioty uprawnione do uzyskania danych osobowych na podstawie przepis\u00f3w prawa.<\/span><\/li>\n<li style=\"font-weight: 400;\"><span style=\"font-weight: 400;\">Ka\u017cdy u\u017cytkownik strony internetowej Lubelskiego Centrum Kszta\u0142cenia Zawodowego i Ustawicznego im. K. K. Baczy\u0144skiego w Lublinie ma prawo do:<\/span>\n<ol type=\"a\">\n<li style=\"font-weight: 400;\"><span style=\"font-weight: 400;\">\u017b\u0105dania dost\u0119pu do swoich danych osobowych,<\/span><\/li>\n<li style=\"font-weight: 400;\"><span style=\"font-weight: 400;\">Sprostowania swoich danych osobowych,<\/span><\/li>\n<li style=\"font-weight: 400;\"><span style=\"font-weight: 400;\">Usuni\u0119cia swoich danych osobowych,<\/span><\/li>\n<li style=\"font-weight: 400;\"><span style=\"font-weight: 400;\">Ograniczenia przetwarzania danych osobowych,<\/span><\/li>\n<li style=\"font-weight: 400;\"><span style=\"font-weight: 400;\">Przeniesienia swoich danych osobowych,<\/span><\/li>\n<li style=\"font-weight: 400;\"><span style=\"font-weight: 400;\">Wyra\u017cenia sprzeciwu wobec przetwarzania danych osobowych,<\/span><\/li>\n<li style=\"font-weight: 400;\"><span style=\"font-weight: 400;\">Wniesienia skargi do organu nadzorczego, kt\u00f3rym w Polsce jest Prezes Urz\u0119du Ochrony Danych Osobowych.<\/span><\/li>\n<\/ol>\n<\/li>\n<li style=\"font-weight: 400;\"><span style=\"font-weight: 400;\">Pani\/Pana dane osobowe nie mog\u0105 by\u0107 przetwarzane w spos\u00f3b zautomatyzowany i nie b\u0119d\u0105 profilowane.<\/span><\/li>\n<\/ol>\n<p><strong>Czym s\u0105 pliki Cookie<\/strong><\/p>\n<p>Ciasteczka (ang. cookies) to niewielkie pliki, zapisywane i przechowywane na twoim komputerze, tablecie lub smartphonie podczas gdy odwiedzasz r\u00f3\u017cne strony w internecie. Ciasteczko zazwyczaj zawiera nazw\u0119 strony internetowej, z kt\u00f3rej pochodzi, \u201ed\u0142ugo\u015b\u0107 \u017cycia\u201d ciasteczka (to znaczy czas jego istnienia), oraz przypadkowo wygenerowany unikalny numer s\u0142u\u017c\u0105cy do identyfikacji przegl\u0105darki, z jakiej nast\u0119puje po\u0142\u0105czenie ze stron\u0105 internetow\u0105.<\/p>\n<p><strong>Polityka plik\u00f3w Cookie<\/strong><\/p>\n<p>1. W zwi\u0105zku z udost\u0119pnianiem zawarto\u015bci serwisu internetowego stosuje si\u0119 tzw. cookies, tj. informacje zapisywane przez serwery na urz\u0105dzeniu ko\u0144cowym u\u017cytkownika, kt\u00f3re serwery mog\u0105 odczyta\u0107 przy ka\u017cdorazowym po\u0142\u0105czeniu si\u0119 z tego urz\u0105dzenia ko\u0144cowego. W niniejszym dokumencie, informacje dotycz\u0105ce cookies maj\u0105 zastosowanie r\u00f3wnie\u017c do innych podobnych technologii stosowanych w ramach naszych serwis\u00f3w internetowych. Pliki cookies (tzw. \u201eciasteczka\u201d) stanowi\u0105 dane informatyczne, w szczeg\u00f3lno\u015bci pliki tekstowe, kt\u00f3re przechowywane s\u0105 w urz\u0105dzeniu ko\u0144cowym u\u017cytkownika serwisu internetowego. Cookies zazwyczaj zawieraj\u0105 nazw\u0119 domeny serwisu internetowego, z kt\u00f3rego pochodz\u0105, czas przechowywania ich na urz\u0105dzeniu ko\u0144cowym oraz unikalny numer.<\/p>\n<p><strong>2. Pliki cookies wykorzystywane s\u0105 w celu:<\/strong><\/p>\n<ul>\n<li>dostosowania zawarto\u015bci stron serwisu internetowego do preferencji u\u017cytkownika oraz optymalizacji korzystania ze stron internetowych; w szczeg\u00f3lno\u015bci pliki te pozwalaj\u0105 rozpozna\u0107 urz\u0105dzenie u\u017cytkownika serwisu internetowego i odpowiednio wy\u015bwietli\u0107 stron\u0119 internetow\u0105,<\/li>\n<li>dostosowan\u0105 do jego indywidualnych potrzeb,<\/li>\n<li>tworzenia statystyk, kt\u00f3re pomagaj\u0105 zrozumie\u0107, w jaki spos\u00f3b u\u017cytkownicy serwisu korzystaj\u0105 ze stron internetowych, co umo\u017cliwia ulepszanie ich struktury i zawarto\u015bci,<\/li>\n<li>utrzymania sesji u\u017cytkownika serwisu internetowego (po zalogowaniu), dzi\u0119ki kt\u00f3rej u\u017cytkownik nie musi na ka\u017cdej podstronie serwisu ponownie wpisywa\u0107 loginu i has\u0142a.<\/li>\n<\/ul>\n<p>3. W ramach serwisu internetowego mo\u017cemy stosowa\u0107 nast\u0119puj\u0105ce rodzaje plik\u00f3w cookies:<br \/>\n\u201eniezb\u0119dne\u201d pliki cookies, umo\u017cliwiaj\u0105ce korzystanie z us\u0142ug dost\u0119pnych w ramach serwisu internetowego, np. uwierzytelniaj\u0105ce pliki cookies wykorzystywane do us\u0142ug wymagaj\u0105cych uwierzytelniania w ramach serwisu,<br \/>\npliki cookies s\u0142u\u017c\u0105ce do zapewnienia bezpiecze\u0144stwa, np. wykorzystywane do wykrywania nadu\u017cy\u0107 w zakresie uwierzytelniania w ramach serwisu,<br \/>\npliki cookies, umo\u017cliwiaj\u0105ce zbieranie informacji o sposobie korzystania ze stron internetowych serwisu,<br \/>\n\u201efunkcjonalne\u201d pliki cookies, umo\u017cliwiaj\u0105ce \u201ezapami\u0119tanie\u201d wybranych przez u\u017cytkownika ustawie\u0144 i personalizacj\u0119 interfejsu u\u017cytkownika, np. w zakresie wybranego j\u0119zyka lub regionu, z kt\u00f3rego pochodzi u\u017cytkownik, rozmiaru czcionki, wygl\u0105du strony internetowej itp.<\/p>\n<p>4. W wielu przypadkach oprogramowanie s\u0142u\u017c\u0105ce do przegl\u0105dania stron internetowych (przegl\u0105darka internetowa) domy\u015blnie dopuszcza przechowywanie plik\u00f3w cookies w urz\u0105dzeniu ko\u0144cowym u\u017cytkownika. U\u017cytkownicy serwisu mog\u0105 dokona\u0107 w ka\u017cdym czasie zmiany ustawie\u0144 dotycz\u0105cych plik\u00f3w cookies. Ustawienia te mog\u0105 zosta\u0107 zmienione w szczeg\u00f3lno\u015bci w taki spos\u00f3b, aby blokowa\u0107 automatyczn\u0105 obs\u0142ug\u0119 plik\u00f3w cookies w ustawieniach przegl\u0105darki internetowej b\u0105d\u017a informowa\u0107 o ich ka\u017cdorazowym zamieszczeniu w urz\u0105dzeniu u\u017cytkownika serwisu internetowego. Szczeg\u00f3\u0142owe informacje o mo\u017cliwo\u015bci i sposobach obs\u0142ugi plik\u00f3w cookies dost\u0119pne s\u0105 w ustawieniach oprogramowania (przegl\u0105darki internetowej). Niedokonanie zmiany ustawie\u0144 w zakresie cookies oznacza, \u017ce b\u0119d\u0105 one zamieszczone w urz\u0105dzeniu ko\u0144cowym u\u017cytkownika, a tym samym b\u0119dziemy przechowywa\u0107 informacje w urz\u0105dzeniu ko\u0144cowym u\u017cytkownika i uzyskiwa\u0107 dost\u0119p do tych informacji.<\/p>\n<p>5. Wy\u0142\u0105czenie stosowania cookies mo\u017ce spowodowa\u0107 utrudnienia korzystanie z niekt\u00f3rych us\u0142ug w ramach naszych serwis\u00f3w internetowych, w szczeg\u00f3lno\u015bci wymagaj\u0105cych logowania. Wy\u0142\u0105czenie opcji przyjmowania cookies nie powoduje natomiast braku mo\u017cliwo\u015bci czytania lub ogl\u0105dania tre\u015bci zamieszczanych w serwisie internetowym z zastrze\u017ceniem tych, do kt\u00f3rych dost\u0119p wymaga logowania.<\/p>\n<p>6. Pliki cookies mog\u0105 by\u0107 zamieszczane w urz\u0105dzeniu ko\u0144cowym u\u017cytkownika serwisu internetowego, a nast\u0119pnie wykorzystywane przez wsp\u00f3\u0142pracuj\u0105cych z serwisem reklamodawc\u00f3w, firmy badawcze oraz dostawc\u00f3w aplikacji multimedialnych.<\/p>\n","protected":false},"excerpt":{"rendered":"<p>Prywatno\u015b\u0107 i zarz\u0105dzanie danymi osobowymi na witrynach LCKZiU Lubelskie Centrum Kszta\u0142cenia Zawodowego i Ustawicznego im. K. K. Baczy\u0144skiego w Lublinie w celach informacyjnych, mo\u017ce publikowa\u0107 dane osobowe takie jak: imiona, nazwiska, klasa, osi\u0105gni\u0119cia, fotografie \u2013 uczni\u00f3w, nauczycieli, pracownik\u00f3w, go\u015bci szko\u0142y (tzw. \u201edane zwyk\u0142e\u201d) zgodnie z art. 6, ust. 1, lit. a Rozporz\u0105dzenia Parlamentu Europejskiego i&hellip;&nbsp;<a href=\"https:\/\/archiwum.lckziu.pl\/?page_id=124\" class=\"\" rel=\"bookmark\">Czytaj dalej &raquo;<span class=\"screen-reader-text\">Prywatno\u015b\u0107 i zarz\u0105dzanie danymi osobowymi (RODO) oraz polityka plik\u00f3w cookie<\/span><\/a><\/p>\n","protected":false},"author":1,"featured_media":0,"parent":0,"menu_order":0,"comment_status":"closed","ping_status":"closed","template":"","meta":{"neve_meta_sidebar":"","neve_meta_container":"","neve_meta_enable_content_width":"","neve_meta_content_width":0,"neve_meta_title_alignment":"","neve_meta_author_avatar":"","neve_post_elements_order":"","neve_meta_disable_header":"","neve_meta_disable_footer":"","neve_meta_disable_title":"","ngg_post_thumbnail":0,"_themeisle_gutenberg_block_has_review":false,"footnotes":""},"_links":{"self":[{"href":"https:\/\/archiwum.lckziu.pl\/index.php?rest_route=\/wp\/v2\/pages\/124"}],"collection":[{"href":"https:\/\/archiwum.lckziu.pl\/index.php?rest_route=\/wp\/v2\/pages"}],"about":[{"href":"https:\/\/archiwum.lckziu.pl\/index.php?rest_route=\/wp\/v2\/types\/page"}],"author":[{"embeddable":true,"href":"https:\/\/archiwum.lckziu.pl\/index.php?rest_route=\/wp\/v2\/users\/1"}],"replies":[{"embeddable":true,"href":"https:\/\/archiwum.lckziu.pl\/index.php?rest_route=%2Fwp%2Fv2%2Fcomments&post=124"}],"version-history":[{"count":12,"href":"https:\/\/archiwum.lckziu.pl\/index.php?rest_route=\/wp\/v2\/pages\/124\/revisions"}],"predecessor-version":[{"id":4455,"href":"https:\/\/archiwum.lckziu.pl\/index.php?rest_route=\/wp\/v2\/pages\/124\/revisions\/4455"}],"wp:attachment":[{"href":"https:\/\/archiwum.lckziu.pl\/index.php?rest_route=%2Fwp%2Fv2%2Fmedia&parent=124"}],"curies":[{"name":"wp","href":"https:\/\/api.w.org\/{rel}","templated":true}]}}